{"data":{"id":195801,"slug":"arbetsterapeut-till-polhemsgarden-i-solna-2","type":"job","title":"Occupational Therapist at Polhemsg\u00e5rden in Solna","description":"We are now recruiting an occupational therapist for a full-time position at Polhemsg\u00e5rden in Solna. We offer training and several benefits.\n\nWithin Vardaga, we are in constant development. With us, you can grow as a person while making a difference for others. Our culture is shaped by our values \u2013 respect, responsibility, simplicity, and knowledge.\n\nFrom us to you\n\nTraining through our own training organization L\u00e4ra\n\nBenefits portal with discounts and offers\n\nCoaching and supportive managers close by\n\nClear work methods to provide the best care for our residents\n\nCareer and development opportunities\n\nWellness allowance, shoe allowance, and work clothes\n\nWe also offer collective agreements, occupational pensions, and associated insurance.\n\nAbout the role\n\nYou work in a team together with a physiotherapist, nurses, and care staff, and your task is to provide quality of life. You see each individual and have the ability to understand what each person needs.\n\nAs an occupational therapist, you find together with the residents the best ways to use their own abilities in everyday life. You support and motivate people to develop and maintain their physical, cognitive, and social abilities. This often involves making assessments and adapting the daily environment. You also test and prescribe physical and cognitive aids. You get to guide your colleagues in rehabilitative interventions, approaches, transfer techniques, and more. You often have contact with the residents' loved ones. At Polhemsg\u00e5rden, the occupational therapist is also part of the dementia team, together with a physiotherapist, Silvia sister, and Silvia nurse.\n\nAbout Polhemsg\u00e5rden\n\nPolhemsg\u00e5rden in Solna consists of 80 apartments with a dementia focus and the day center Lyktan. Polhemsg\u00e5rden has nature and gardening as its profile. Time outdoors and activities in nature, parks, and gardens are natural parts of our daily life. We work with different nature themes throughout the year.\n\nDementia certification: We are a dementia-certified residence, which means that everyone who works here is trained in dementia and person-centered care through Silviahemmet and the dementia academy.\n\nYoung Care: We collaborate with the company Ung Omsorg. This means a team of young people aged 14\u201318 visit us on weekends and holidays. Ung Omsorg organizes various activities together with us to enhance the lives of our residents.\n\nYour experience and knowledge\n\nWe believe that you who apply to us:\n\nAre drawn to work that is varied and requires extensive knowledge of healthcare and care.\n\nEnjoy meeting people in different situations.\n\nAre independent, can make your own assessments and decisions, and dare to think for yourself.\n\nHave a pedagogical approach and enjoy working in teams as well as supporting colleagues.\n\nYou are a licensed occupational therapist and we would like to see that you have several years of experience in elderly care. You have good computer skills and experience with documentation. Good knowledge of Swedish language, both spoken and written, is a requirement.\n\nOther information\n\nSalary: We apply individual salary setting\nStart date: As soon as possible or by agreement. We use probationary employment.\nApplication deadline: 2026-10-15\nBackground check: A criminal record check must be presented upon potential employment\nQuestions? Please contact: Unit Manager Sadaf Ahmedi, sadaf.ahmedi@vardaga.se Please note that it is not possible to apply via email.\nUnion contact: Akademikerf\u00f6rbunden (represented by Akademikerf\u00f6rbundet SSR) Phone: 08-617 44 00.\nTo learn more about what it's like to work at Vardaga, please read more and meet some of our employees here.\n\nApplication\n\nWelcome to apply using the \"Send application\" button below. Don't delay your application as we make selections on an ongoing basis.\nIf you are called for an interview, you need to be able to prove that you have the right to work in Sweden by presenting that you have citizenship within the EU\/EES or a valid work permit.\n\nAt Vardaga's over 100 residences throughout Sweden, we offer elderly care where every day is equally important. With us, you will find expertise and security at every elderly care home, short-term care facility, home care service, and day center. We strive to be a quality leader in everything we do, and our vision is to make the world a little better, one person at a time. Our employees work with each individual's quality of life and security in focus. Vardaga is part of the Ambea corporate group. www.vardaga.se","language":"sv","is_translated":true,"title_original":"Arbetsterapeut till Polhemsg\u00e5rden i Solna","description_original":"Nu s\u00f6ker vi p\u00e5 Polhemsg\u00e5rden i Solna en arbetsterapeut f\u00f6r en heltidstj\u00e4nst. Vi erbjuder utbildning och flera f\u00f6rm\u00e5ner.\nInom Vardaga \u00e4r vi i st\u00e4ndig utveckling. Hos oss kan du v\u00e4xa som person samtidigt som du g\u00f6r skillnad f\u00f6r andra. V\u00e5r kultur genomsyras av v\u00e5ra v\u00e4rderingar \u2013 respekt, ansvar, enkelhet och kunskap.\nFr\u00e5n oss till dig\n\nUtbildning via v\u00e5r egen utbildningsorganisation L\u00e4ra\n\n\nF\u00f6rm\u00e5nsportal med rabatter och erbjudanden\n\n\nCoachande och st\u00f6ttande chefer n\u00e4ra dig\n\n\nTydliga arbetss\u00e4tt f\u00f6r att ge den b\u00e4sta omsorgen till v\u00e5ra boende\n\n\nKarri\u00e4r- och utvecklingsm\u00f6jligheter\n\n\nFriskv\u00e5rdsbidrag, skobidrag och arbetskl\u00e4der\n\n\nVi har ocks\u00e5 kollektivavtal, tj\u00e4nstepension och tillh\u00f6rande f\u00f6rs\u00e4kringar.\nOm rollen\nDu arbetar i ett team tillsammans med fysioterapeut, sjuksk\u00f6terskor och omv\u00e5rdnadspersonal och er uppgift \u00e4r att ge livskvalitet. Du ser varje individ och har en f\u00f6rm\u00e5ga att f\u00f6rst\u00e5 vad varje person beh\u00f6ver.\nI rollen som arbetsterapeut, hittar du tillsammans med de boende, de b\u00e4sta s\u00e4tten att anv\u00e4nda sina egna f\u00f6rm\u00e5gor i vardagen. Du st\u00f6ttar och motiverar personerna att sj\u00e4lva utveckla och bibeh\u00e5lla sina fysiska, kognitiva och sociala f\u00f6rm\u00e5gor. Ofta inneb\u00e4r det att du g\u00f6r bed\u00f6mningar och anpassar vardagsmilj\u00f6n. Du provar ocks\u00e5 ut och f\u00f6rskriver fysiska och kognitiva hj\u00e4lpmedel. Du f\u00e5r handleda dina kollegor i rehabiliterande insatser, f\u00f6rh\u00e5llningss\u00e4tt, f\u00f6rflyttningsteknik mm. Ofta har du \u00e4ven kontakt med de boendes n\u00e4rst\u00e5ende. P\u00e5 Polhemsg\u00e5rden ing\u00e5r \u00e4ven arbetsterapeuten i demensteamet, tillsammans med fysioterapeut, Silviasyster och Silviasjuksk\u00f6terska\nOm Polhemsg\u00e5rden\nPolhemsg\u00e5rden i Solna best\u00e5r av 80 l\u00e4genheter med demensinriktning samt dagverksamheten Lyktan. Polhemsg\u00e5rden har natur och tr\u00e4dg\u00e5rd som profil. Utevistelse och aktiviteter i natur, park och tr\u00e4dg\u00e5rd \u00e4r naturliga delar av v\u00e5r vardag. Vi arbetar utifr\u00e5n olika naturtema \u00e5ret om.\n\n\nDemenscertifiering: Vi \u00e4r ett demenscertifierat boende, vilket betyder att alla vi som arbetar h\u00e4r \u00e4r utbildade i demens och bem\u00f6tande via Silviahemmet och demensakademin.\n\n\nUng Omsorg: Vi har ett samarbete med f\u00f6retaget Ung Omsorg. Det inneb\u00e4r att ett team av ungdomar i \u00e5ldrarna 14\u201318 \u00e5r bes\u00f6ker oss p\u00e5 helger och lov. Ung Omsorg g\u00f6r olika aktiviteter tillsammans med oss som arbetar h\u00e4r, f\u00f6r att s\u00e4tta guldkant p\u00e5 tillvaron f\u00f6r de boende.\n\n\nDin erfarenhet och kunskap\nVi tror att du som s\u00f6ker dig till oss:\nlockas av ett arbete som \u00e4r varierat och kr\u00e4ver stor kunskap om v\u00e5rd och omsorg.\n\ntycker mycket om att m\u00f6ta m\u00e4nniskor i olika situationer.\n\n\n\u00e4r sj\u00e4lvst\u00e4ndig, kan g\u00f6ra egna bed\u00f6mningar och fatta beslut och v\u00e5gar t\u00e4nka sj\u00e4lv.\n\n\nhar ett pedagogiskt f\u00f6rh\u00e5llningss\u00e4tt och tycker om att jobba i team samt st\u00f6tta kollegor\n\n\nDu \u00e4r legitimerad arbetsterapeut och vi ser g\u00e4rna att du har n\u00e5gra \u00e5rs erfarenhet av \u00e4ldreomsorg. Du har god datorvana och erfarenhet av dokumentation. Goda kunskaper i det svenska spr\u00e5ket i tal och skrift \u00e4r ett krav.\n\u00d6vrigt\nL\u00f6n: Vi till\u00e4mpar individuell l\u00f6nes\u00e4ttning\nTilltr\u00e4desdatum: Snarast eller enligt \u00f6verenskommelse, Vi till\u00e4mpar provanst\u00e4llning.\nSista ans\u00f6kningsdag: 2026-10-15\nRegisterkontroll: Utdrag ur belastningsregister skall uppvisas vid en eventuell anst\u00e4llning\nHar du fr\u00e5gor? Kontakta g\u00e4rna: Enhetschef Sadaf Ahmedi , sadaf.ahmedi@vardaga.se Observera att det inte g\u00e5r att ans\u00f6ka via E-post.\nFacklig kontakt: Akademikerf\u00f6rbunden (f\u00f6retr\u00e4ds av Akademikerf\u00f6rbundet SSR) Tfn: 08-617 44 00.\nOm du vill veta mer om hur det \u00e4r att jobba p\u00e5 Vardaga s\u00e5 l\u00e4s g\u00e4rna mer och tr\u00e4ffa n\u00e5gra av v\u00e5ra medarbetare h\u00e4r.\nAns\u00f6kan\nV\u00e4lkommen att ans\u00f6ka via knappen \u201dSkicka ans\u00f6kan\u201d nedan. V\u00e4nta inte med att ans\u00f6ka d\u00e5 vi g\u00f6r urval l\u00f6pande.\nOm du blir kallad till en intervju beh\u00f6ver du kunna styrka att du har r\u00e4tt att arbeta i Sverige, genom att uppvisa att du har medborgarskap inom EU\/EES eller ett giltigt arbetstillst\u00e5nd.\nP\u00e5 Vardagas drygt 100 boenden runt om i Sverige erbjuder vi en \u00e4ldreomsorg d\u00e4r varje dag \u00e4r lika viktig. Hos oss m\u00f6ter du expertis och trygghet p\u00e5 varje \u00e4ldreboende, korttidsboende, i hemtj\u00e4nst och dagverksamhet. Vi ska vara kvalitetsledande i allt vi g\u00f6r och v\u00e5r vision \u00e4r att g\u00f6ra v\u00e4rlden lite b\u00e4ttre, en m\u00e4nniska i taget. V\u00e5ra medarbetare arbetar med varje individs livskvalitet och trygghet i fokus. Vardaga ing\u00e5r i f\u00f6retagsgruppen Ambea. www.vardaga.se","price":null,"currency":"SEK","status":"active","noindex":true,"location":{"address":"Polhemsgatan 16","full_address":null,"city":"Solna","country":"SE","latitude":59.353816026925,"longitude":17.993177641752},"metadata":{"region":"Stockholms l\u00e4n","duration":"Tills vidare","employer":"Vardaga AB","postcode":"17158","positions":1,"profession":"Arbetsterapeut","salary_type":"Fast m\u00e5nads- vecko- eller timl\u00f6n","employer_url":"https:\/\/vardaga.teamtailor.com","scope_of_work":"100\u2013100 %","working_hours":"Heltid","employment_type":"full_time","occupation_field":"H\u00e4lso- och sjukv\u00e5rd","employer_workplace":"Vardaga","experience_required":true,"employment_type_label":"Vanlig anst\u00e4llning"},"user_id":null,"is_sponsored":false,"views_count":0,"ai_views_count":4,"ai_vendor_counts":{"other":2,"openai":1,"anthropic":1},"visibility":"public","submission_source":null,"submission_ai_name":null,"has_owner_email":true,"can_contact_owner":true,"phone":"08-617 44 00","owner_email":"sadaf.ahmedi@vardaga.se","images":[],"published_at":"2026-09-04T14:16:40+00:00","expires_at":"2026-10-15T23:59:59+00:00","created_at":"2026-09-05T03:33:26+00:00","updated_at":"2026-09-06T03:19:19+00:00"}}

Occupational Therapist at Polhemsgården in Solna

We are now recruiting an occupational therapist for a full-time position at Polhemsgården in Solna. We offer training and several benefits.

Within Vardaga, we are in constant development. With us, you can grow as a person while making a difference for others. Our culture is shaped by our values – respect, responsibility, simplicity, and knowledge.

From us to you

Training through our own training organization Lära

Benefits portal with discounts and offers

Coaching and supportive managers close by

Clear work methods to provide the best care for our residents

Career and development opportunities

Wellness allowance, shoe allowance, and work clothes

We also offer collective agreements, occupational pensions, and associated insurance.

About the role

You work in a team together with a physiotherapist, nurses, and care staff, and your task is to provide quality of life. You see each individual and have the ability to understand what each person needs.

As an occupational therapist, you find together with the residents the best ways to use their own abilities in everyday life. You support and motivate people to develop and maintain their physical, cognitive, and social abilities. This often involves making assessments and adapting the daily environment. You also test and prescribe physical and cognitive aids. You get to guide your colleagues in rehabilitative interventions, approaches, transfer techniques, and more. You often have contact with the residents' loved ones. At Polhemsgården, the occupational therapist is also part of the dementia team, together with a physiotherapist, Silvia sister, and Silvia nurse.

About Polhemsgården

Polhemsgården in Solna consists of 80 apartments with a dementia focus and the day center Lyktan. Polhemsgården has nature and gardening as its profile. Time outdoors and activities in nature, parks, and gardens are natural parts of our daily life. We work with different nature themes throughout the year.

Dementia certification: We are a dementia-certified residence, which means that everyone who works here is trained in dementia and person-centered care through Silviahemmet and the dementia academy.

Young Care: We collaborate with the company Ung Omsorg. This means a team of young people aged 14–18 visit us on weekends and holidays. Ung Omsorg organizes various activities together with us to enhance the lives of our residents.

Your experience and knowledge

We believe that you who apply to us:

Are drawn to work that is varied and requires extensive knowledge of healthcare and care.

Enjoy meeting people in different situations.

Are independent, can make your own assessments and decisions, and dare to think for yourself.

Have a pedagogical approach and enjoy working in teams as well as supporting colleagues.

You are a licensed occupational therapist and we would like to see that you have several years of experience in elderly care. You have good computer skills and experience with documentation. Good knowledge of Swedish language, both spoken and written, is a requirement.

Other information

Salary: We apply individual salary setting
Start date: As soon as possible or by agreement. We use probationary employment.
Application deadline: 2026-10-15
Background check: A criminal record check must be presented upon potential employment
Questions? Please contact: Unit Manager Sadaf Ahmedi, sadaf.ahmedi@vardaga.se Please note that it is not possible to apply via email.
Union contact: Akademikerförbunden (represented by Akademikerförbundet SSR) Phone: 08-617 44 00.
To learn more about what it's like to work at Vardaga, please read more and meet some of our employees here.

Application

Welcome to apply using the "Send application" button below. Don't delay your application as we make selections on an ongoing basis.
If you are called for an interview, you need to be able to prove that you have the right to work in Sweden by presenting that you have citizenship within the EU/EES or a valid work permit.

At Vardaga's over 100 residences throughout Sweden, we offer elderly care where every day is equally important. With us, you will find expertise and security at every elderly care home, short-term care facility, home care service, and day center. We strive to be a quality leader in everything we do, and our vision is to make the world a little better, one person at a time. Our employees work with each individual's quality of life and security in focus. Vardaga is part of the Ambea corporate group. www.vardaga.se

Arbetsterapeut till Polhemsgården i Solna

Nu söker vi på Polhemsgården i Solna en arbetsterapeut för en heltidstjänst. Vi erbjuder utbildning och flera förmåner.
Inom Vardaga är vi i ständig utveckling. Hos oss kan du växa som person samtidigt som du gör skillnad för andra. Vår kultur genomsyras av våra värderingar – respekt, ansvar, enkelhet och kunskap.
Från oss till dig

Utbildning via vår egen utbildningsorganisation Lära


Förmånsportal med rabatter och erbjudanden


Coachande och stöttande chefer nära dig


Tydliga arbetssätt för att ge den bästa omsorgen till våra boende


Karriär- och utvecklingsmöjligheter


Friskvårdsbidrag, skobidrag och arbetskläder


Vi har också kollektivavtal, tjänstepension och tillhörande försäkringar.
Om rollen
Du arbetar i ett team tillsammans med fysioterapeut, sjuksköterskor och omvårdnadspersonal och er uppgift är att ge livskvalitet. Du ser varje individ och har en förmåga att förstå vad varje person behöver.
I rollen som arbetsterapeut, hittar du tillsammans med de boende, de bästa sätten att använda sina egna förmågor i vardagen. Du stöttar och motiverar personerna att själva utveckla och bibehålla sina fysiska, kognitiva och sociala förmågor. Ofta innebär det att du gör bedömningar och anpassar vardagsmiljön. Du provar också ut och förskriver fysiska och kognitiva hjälpmedel. Du får handleda dina kollegor i rehabiliterande insatser, förhållningssätt, förflyttningsteknik mm. Ofta har du även kontakt med de boendes närstående. På Polhemsgården ingår även arbetsterapeuten i demensteamet, tillsammans med fysioterapeut, Silviasyster och Silviasjuksköterska
Om Polhemsgården
Polhemsgården i Solna består av 80 lägenheter med demensinriktning samt dagverksamheten Lyktan. Polhemsgården har natur och trädgård som profil. Utevistelse och aktiviteter i natur, park och trädgård är naturliga delar av vår vardag. Vi arbetar utifrån olika naturtema året om.


Demenscertifiering: Vi är ett demenscertifierat boende, vilket betyder att alla vi som arbetar här är utbildade i demens och bemötande via Silviahemmet och demensakademin.


Ung Omsorg: Vi har ett samarbete med företaget Ung Omsorg. Det innebär att ett team av ungdomar i åldrarna 14–18 år besöker oss på helger och lov. Ung Omsorg gör olika aktiviteter tillsammans med oss som arbetar här, för att sätta guldkant på tillvaron för de boende.


Din erfarenhet och kunskap
Vi tror att du som söker dig till oss:
lockas av ett arbete som är varierat och kräver stor kunskap om vård och omsorg.

tycker mycket om att möta människor i olika situationer.


är självständig, kan göra egna bedömningar och fatta beslut och vågar tänka själv.


har ett pedagogiskt förhållningssätt och tycker om att jobba i team samt stötta kollegor


Du är legitimerad arbetsterapeut och vi ser gärna att du har några års erfarenhet av äldreomsorg. Du har god datorvana och erfarenhet av dokumentation. Goda kunskaper i det svenska språket i tal och skrift är ett krav.
Övrigt
Lön: Vi tillämpar individuell lönesättning
Tillträdesdatum: Snarast eller enligt överenskommelse, Vi tillämpar provanställning.
Sista ansökningsdag: 2026-10-15
Registerkontroll: Utdrag ur belastningsregister skall uppvisas vid en eventuell anställning
Har du frågor? Kontakta gärna: Enhetschef Sadaf Ahmedi , sadaf.ahmedi@vardaga.se Observera att det inte går att ansöka via E-post.
Facklig kontakt: Akademikerförbunden (företräds av Akademikerförbundet SSR) Tfn: 08-617 44 00.
Om du vill veta mer om hur det är att jobba på Vardaga så läs gärna mer och träffa några av våra medarbetare här.
Ansökan
Välkommen att ansöka via knappen ”Skicka ansökan” nedan. Vänta inte med att ansöka då vi gör urval löpande.
Om du blir kallad till en intervju behöver du kunna styrka att du har rätt att arbeta i Sverige, genom att uppvisa att du har medborgarskap inom EU/EES eller ett giltigt arbetstillstånd.
På Vardagas drygt 100 boenden runt om i Sverige erbjuder vi en äldreomsorg där varje dag är lika viktig. Hos oss möter du expertis och trygghet på varje äldreboende, korttidsboende, i hemtjänst och dagverksamhet. Vi ska vara kvalitetsledande i allt vi gör och vår vision är att göra världen lite bättre, en människa i taget. Våra medarbetare arbetar med varje individs livskvalitet och trygghet i fokus. Vardaga ingår i företagsgruppen Ambea. www.vardaga.se

Stockholms län

Fast månads- vecko- eller timlön

Hälso- och sjukvård

Vanlig anställning
