{"data":{"id":188091,"slug":"brand-new-villas-with-private-garden-in-izmir-menemen","type":"real_estate","title":"Brand New Villas with Private Garden in \u0130zmir Menemen","description":"4-Bedroom Villas for Sale in \u0130zmir Menemen Villakent\nMenemen Villakent is one of the areas located on the northern axis of \u0130zmir that has rapidly developed in recent years, offering a calm and orderly life. The area stands out with its proximity to Kar\u015f\u0131yaka, \u00c7i\u011fli, and Fo\u00e7a, while also offering easy access to the city center. Known for its planned development and wide streets, Villakent generally consists of detached and low-rise houses. Thanks to its clean air, large green areas, and peaceful atmosphere, it offers an ideal option for those seeking a life away from the city crowds. Furthermore, with its developing infrastructure and increasing housing projects, Villakent is among the prominent locations in \u0130zmir in terms of investment.\nVillas for sale in \u0130zmir are 950 meters from markets and daily necessities, 2.5 km from the main transportation route, 3.4 km from schools, 20 km from shopping centers, 20.5 km from hospitals, 21 km from Fo\u00e7a beach, 24 km from Kar\u015f\u0131yaka center, 35 km from \u0130zmir city center, and 57 km from Adnan Menderes Airport.\nThe villas are designed for family life. Designed with a semi-detached villa concept, they are situated in a quiet and orderly environment, offering a life in harmony with nature. The villas have private gardens, an open parking area, and all the necessary details for a comfortable life have been carefully considered.\nThe villas are equipped with an open-plan kitchen, en-suite bathroom, shower cabin, dressing area, steel door, modern and high-quality kitchen cabinets, built-in appliances, laundry area, electric vehicle charging station infrastructure, high-quality interior doors, and high-quality laminate flooring. Additionally, the villas offer heat and sound insulation, energy-efficient systems, and infrastructure features that meet modern living standards. ADB-00216","language":"en","is_translated":false,"price":"22500000.00","currency":"TRY","status":"active","noindex":false,"location":{"address":null,"full_address":null,"city":"\u0130zmir","country":"TR","latitude":38.5823239,"longitude":26.974762},"metadata":{"cctv":true,"floor":1,"rooms":5,"cellar":true,"floors":2,"garden":true,"region":"Menemen","area_m2":165,"balcony":true,"parking":true,"terrace":true,"bedrooms":4,"features":["Air Conditioning","Balcony","Blinds","Cellar","En-Suite Bathroom","Fitted Wardrobe","Kitchen Appliances","Laundry Room","Open-Plan Kitchen","Shower","Smart-Home System","Terrace","Satellite TV","Car Park","Private Garden","Security Camera","Wheelchair Friendly","Airport (50-100 Km)","Beautiful Nature View","Bus Station","Stores \/ Shopping Mall","Bars \/ Restaurants","Air Conditioning","Underfloor Heating","West","East","North","South","North-West","North-East","South-West","South-East"],"bathrooms":2,"accessible":true,"agency_ref":"ADB-00216-4-SemiDetachedVilla","year_built":2026,"postal_code":"35660","source_type":"Houses\/Semi-Detached Villa","land_area_m2":270,"listing_type":"sale","neighborhood":"85.Y\u0131l Cumhuriyet","property_type":"house","air_conditioning":true,"distance_to_airport":"50\u2013100 km"},"user_id":87,"is_sponsored":false,"views_count":0,"ai_views_count":2,"ai_vendor_counts":{"openai":1,"anthropic":1},"visibility":"public","submission_source":null,"submission_ai_name":null,"has_owner_email":true,"can_contact_owner":true,"phone":null,"user":{"id":87,"slug":"tekce-overseas-87","name":"TEKCE","bio":"TEKCE Real Estate is an international company with a global presence, operating 20 offices in five countries: Spain, Turkey, North Cyprus, Sweden, and the United Arab Emirates. Every office is owned by TEKCE and under its direct management. More than 250 professional real estate agents work with us, following the same principles in every country and sharing a common enthusiasm. Our multinational team speaks over 30 languages.","nationality":null,"languages":["en","es","tr","nl","sv","de","ar","el"],"service_areas":[{"lat":39.29408,"lng":35.23166,"osm":"R174737","name":"Turkey","type":"country","country_code":"TR"},{"lat":39.32607,"lng":-4.83798,"osm":"R1311341","name":"Spain","type":"country","country_code":"ES"},{"lat":24.00025,"lng":53.99948,"osm":"R307763","name":"United Arab Emirates","type":"country","country_code":"AE"},{"lat":34.9823,"lng":33.14513,"osm":"R307787","name":"Cyprus","type":"country","country_code":"CY"}],"card_style":null,"card_palette":null,"avatar_url":"https:\/\/cdn.assetlog.ai\/avatars\/87\/avatar_max.webp?v=1788531011","avatar_thumb_url":"https:\/\/cdn.assetlog.ai\/avatars\/87\/avatar_small.webp?v=1788531011","reviews_count":0,"avg_rating":null,"seller_badge":"silver","can_calendar":true,"joined_at":"2026-09-04T13:08:26+00:00","primary_intent":null,"seeking":[],"asset_types":["real_estate"],"public_assets_count":7267,"public_prompts_count":0,"followers_count":0},"images":[{"id":185508,"max":"https:\/\/cdn.assetlog.ai\/assets\/188091\/brand-new-villas-with-private-garden-in-izmir-menemen_1_max.webp","medium":"https:\/\/cdn.assetlog.ai\/assets\/188091\/brand-new-villas-with-private-garden-in-izmir-menemen_1_medium.webp","small":"https:\/\/cdn.assetlog.ai\/assets\/188091\/brand-new-villas-with-private-garden-in-izmir-menemen_1_small.webp"},{"id":185507,"max":"https:\/\/cdn.assetlog.ai\/assets\/188091\/brand-new-villas-with-private-garden-in-izmir-menemen_2_max.webp","medium":"https:\/\/cdn.assetlog.ai\/assets\/188091\/brand-new-villas-with-private-garden-in-izmir-menemen_2_medium.webp","small":"https:\/\/cdn.assetlog.ai\/assets\/188091\/brand-new-villas-with-private-garden-in-izmir-menemen_2_small.webp"},{"id":185509,"max":"https:\/\/cdn.assetlog.ai\/assets\/188091\/brand-new-villas-with-private-garden-in-izmir-menemen_3_max.webp","medium":"https:\/\/cdn.assetlog.ai\/assets\/188091\/brand-new-villas-with-private-garden-in-izmir-menemen_3_medium.webp","small":"https:\/\/cdn.assetlog.ai\/assets\/188091\/brand-new-villas-with-private-garden-in-izmir-menemen_3_small.webp"},{"id":185510,"max":"https:\/\/cdn.assetlog.ai\/assets\/188091\/brand-new-villas-with-private-garden-in-izmir-menemen_4_max.webp","medium":"https:\/\/cdn.assetlog.ai\/assets\/188091\/brand-new-villas-with-private-garden-in-izmir-menemen_4_medium.webp","small":"https:\/\/cdn.assetlog.ai\/assets\/188091\/brand-new-villas-with-private-garden-in-izmir-menemen_4_small.webp"},{"id":185511,"max":"https:\/\/cdn.assetlog.ai\/assets\/188091\/brand-new-villas-with-private-garden-in-izmir-menemen_5_max.webp","medium":"https:\/\/cdn.assetlog.ai\/assets\/188091\/brand-new-villas-with-private-garden-in-izmir-menemen_5_medium.webp","small":"https:\/\/cdn.assetlog.ai\/assets\/188091\/brand-new-villas-with-private-garden-in-izmir-menemen_5_small.webp"},{"id":185512,"max":"https:\/\/cdn.assetlog.ai\/assets\/188091\/brand-new-villas-with-private-garden-in-izmir-menemen_6_max.webp","medium":"https:\/\/cdn.assetlog.ai\/assets\/188091\/brand-new-villas-with-private-garden-in-izmir-menemen_6_medium.webp","small":"https:\/\/cdn.assetlog.ai\/assets\/188091\/brand-new-villas-with-private-garden-in-izmir-menemen_6_small.webp"},{"id":185515,"max":"https:\/\/cdn.assetlog.ai\/assets\/188091\/brand-new-villas-with-private-garden-in-izmir-menemen_7_max.webp","medium":"https:\/\/cdn.assetlog.ai\/assets\/188091\/brand-new-villas-with-private-garden-in-izmir-menemen_7_medium.webp","small":"https:\/\/cdn.assetlog.ai\/assets\/188091\/brand-new-villas-with-private-garden-in-izmir-menemen_7_small.webp"},{"id":185513,"max":"https:\/\/cdn.assetlog.ai\/assets\/188091\/brand-new-villas-with-private-garden-in-izmir-menemen_8_max.webp","medium":"https:\/\/cdn.assetlog.ai\/assets\/188091\/brand-new-villas-with-private-garden-in-izmir-menemen_8_medium.webp","small":"https:\/\/cdn.assetlog.ai\/assets\/188091\/brand-new-villas-with-private-garden-in-izmir-menemen_8_small.webp"},{"id":185514,"max":"https:\/\/cdn.assetlog.ai\/assets\/188091\/brand-new-villas-with-private-garden-in-izmir-menemen_9_max.webp","medium":"https:\/\/cdn.assetlog.ai\/assets\/188091\/brand-new-villas-with-private-garden-in-izmir-menemen_9_medium.webp","small":"https:\/\/cdn.assetlog.ai\/assets\/188091\/brand-new-villas-with-private-garden-in-izmir-menemen_9_small.webp"},{"id":185516,"max":"https:\/\/cdn.assetlog.ai\/assets\/188091\/brand-new-villas-with-private-garden-in-izmir-menemen_10_max.webp","medium":"https:\/\/cdn.assetlog.ai\/assets\/188091\/brand-new-villas-with-private-garden-in-izmir-menemen_10_medium.webp","small":"https:\/\/cdn.assetlog.ai\/assets\/188091\/brand-new-villas-with-private-garden-in-izmir-menemen_10_small.webp"},{"id":185518,"max":"https:\/\/cdn.assetlog.ai\/assets\/188091\/brand-new-villas-with-private-garden-in-izmir-menemen_11_max.webp","medium":"https:\/\/cdn.assetlog.ai\/assets\/188091\/brand-new-villas-with-private-garden-in-izmir-menemen_11_medium.webp","small":"https:\/\/cdn.assetlog.ai\/assets\/188091\/brand-new-villas-with-private-garden-in-izmir-menemen_11_small.webp"},{"id":185517,"max":"https:\/\/cdn.assetlog.ai\/assets\/188091\/brand-new-villas-with-private-garden-in-izmir-menemen_12_max.webp","medium":"https:\/\/cdn.assetlog.ai\/assets\/188091\/brand-new-villas-with-private-garden-in-izmir-menemen_12_medium.webp","small":"https:\/\/cdn.assetlog.ai\/assets\/188091\/brand-new-villas-with-private-garden-in-izmir-menemen_12_small.webp"},{"id":185519,"max":"https:\/\/cdn.assetlog.ai\/assets\/188091\/brand-new-villas-with-private-garden-in-izmir-menemen_13_max.webp","medium":"https:\/\/cdn.assetlog.ai\/assets\/188091\/brand-new-villas-with-private-garden-in-izmir-menemen_13_medium.webp","small":"https:\/\/cdn.assetlog.ai\/assets\/188091\/brand-new-villas-with-private-garden-in-izmir-menemen_13_small.webp"},{"id":185520,"max":"https:\/\/cdn.assetlog.ai\/assets\/188091\/brand-new-villas-with-private-garden-in-izmir-menemen_14_max.webp","medium":"https:\/\/cdn.assetlog.ai\/assets\/188091\/brand-new-villas-with-private-garden-in-izmir-menemen_14_medium.webp","small":"https:\/\/cdn.assetlog.ai\/assets\/188091\/brand-new-villas-with-private-garden-in-izmir-menemen_14_small.webp"},{"id":185521,"max":"https:\/\/cdn.assetlog.ai\/assets\/188091\/brand-new-villas-with-private-garden-in-izmir-menemen_15_max.webp","medium":"https:\/\/cdn.assetlog.ai\/assets\/188091\/brand-new-villas-with-private-garden-in-izmir-menemen_15_medium.webp","small":"https:\/\/cdn.assetlog.ai\/assets\/188091\/brand-new-villas-with-private-garden-in-izmir-menemen_15_small.webp"},{"id":185522,"max":"https:\/\/cdn.assetlog.ai\/assets\/188091\/brand-new-villas-with-private-garden-in-izmir-menemen_16_max.webp","medium":"https:\/\/cdn.assetlog.ai\/assets\/188091\/brand-new-villas-with-private-garden-in-izmir-menemen_16_medium.webp","small":"https:\/\/cdn.assetlog.ai\/assets\/188091\/brand-new-villas-with-private-garden-in-izmir-menemen_16_small.webp"},{"id":185523,"max":"https:\/\/cdn.assetlog.ai\/assets\/188091\/brand-new-villas-with-private-garden-in-izmir-menemen_17_max.webp","medium":"https:\/\/cdn.assetlog.ai\/assets\/188091\/brand-new-villas-with-private-garden-in-izmir-menemen_17_medium.webp","small":"https:\/\/cdn.assetlog.ai\/assets\/188091\/brand-new-villas-with-private-garden-in-izmir-menemen_17_small.webp"},{"id":185524,"max":"https:\/\/cdn.assetlog.ai\/assets\/188091\/brand-new-villas-with-private-garden-in-izmir-menemen_18_max.webp","medium":"https:\/\/cdn.assetlog.ai\/assets\/188091\/brand-new-villas-with-private-garden-in-izmir-menemen_18_medium.webp","small":"https:\/\/cdn.assetlog.ai\/assets\/188091\/brand-new-villas-with-private-garden-in-izmir-menemen_18_small.webp"},{"id":185525,"max":"https:\/\/cdn.assetlog.ai\/assets\/188091\/brand-new-villas-with-private-garden-in-izmir-menemen_19_max.webp","medium":"https:\/\/cdn.assetlog.ai\/assets\/188091\/brand-new-villas-with-private-garden-in-izmir-menemen_19_medium.webp","small":"https:\/\/cdn.assetlog.ai\/assets\/188091\/brand-new-villas-with-private-garden-in-izmir-menemen_19_small.webp"},{"id":185526,"max":"https:\/\/cdn.assetlog.ai\/assets\/188091\/brand-new-villas-with-private-garden-in-izmir-menemen_20_max.webp","medium":"https:\/\/cdn.assetlog.ai\/assets\/188091\/brand-new-villas-with-private-garden-in-izmir-menemen_20_medium.webp","small":"https:\/\/cdn.assetlog.ai\/assets\/188091\/brand-new-villas-with-private-garden-in-izmir-menemen_20_small.webp"},{"id":185527,"max":"https:\/\/cdn.assetlog.ai\/assets\/188091\/brand-new-villas-with-private-garden-in-izmir-menemen_21_max.webp","medium":"https:\/\/cdn.assetlog.ai\/assets\/188091\/brand-new-villas-with-private-garden-in-izmir-menemen_21_medium.webp","small":"https:\/\/cdn.assetlog.ai\/assets\/188091\/brand-new-villas-with-private-garden-in-izmir-menemen_21_small.webp"},{"id":185529,"max":"https:\/\/cdn.assetlog.ai\/assets\/188091\/brand-new-villas-with-private-garden-in-izmir-menemen_22_max.webp","medium":"https:\/\/cdn.assetlog.ai\/assets\/188091\/brand-new-villas-with-private-garden-in-izmir-menemen_22_medium.webp","small":"https:\/\/cdn.assetlog.ai\/assets\/188091\/brand-new-villas-with-private-garden-in-izmir-menemen_22_small.webp"},{"id":185528,"max":"https:\/\/cdn.assetlog.ai\/assets\/188091\/brand-new-villas-with-private-garden-in-izmir-menemen_23_max.webp","medium":"https:\/\/cdn.assetlog.ai\/assets\/188091\/brand-new-villas-with-private-garden-in-izmir-menemen_23_medium.webp","small":"https:\/\/cdn.assetlog.ai\/assets\/188091\/brand-new-villas-with-private-garden-in-izmir-menemen_23_small.webp"},{"id":185530,"max":"https:\/\/cdn.assetlog.ai\/assets\/188091\/brand-new-villas-with-private-garden-in-izmir-menemen_24_max.webp","medium":"https:\/\/cdn.assetlog.ai\/assets\/188091\/brand-new-villas-with-private-garden-in-izmir-menemen_24_medium.webp","small":"https:\/\/cdn.assetlog.ai\/assets\/188091\/brand-new-villas-with-private-garden-in-izmir-menemen_24_small.webp"},{"id":185531,"max":"https:\/\/cdn.assetlog.ai\/assets\/188091\/brand-new-villas-with-private-garden-in-izmir-menemen_25_max.webp","medium":"https:\/\/cdn.assetlog.ai\/assets\/188091\/brand-new-villas-with-private-garden-in-izmir-menemen_25_medium.webp","small":"https:\/\/cdn.assetlog.ai\/assets\/188091\/brand-new-villas-with-private-garden-in-izmir-menemen_25_small.webp"},{"id":185534,"max":"https:\/\/cdn.assetlog.ai\/assets\/188091\/brand-new-villas-with-private-garden-in-izmir-menemen_26_max.webp","medium":"https:\/\/cdn.assetlog.ai\/assets\/188091\/brand-new-villas-with-private-garden-in-izmir-menemen_26_medium.webp","small":"https:\/\/cdn.assetlog.ai\/assets\/188091\/brand-new-villas-with-private-garden-in-izmir-menemen_26_small.webp"},{"id":185532,"max":"https:\/\/cdn.assetlog.ai\/assets\/188091\/brand-new-villas-with-private-garden-in-izmir-menemen_27_max.webp","medium":"https:\/\/cdn.assetlog.ai\/assets\/188091\/brand-new-villas-with-private-garden-in-izmir-menemen_27_medium.webp","small":"https:\/\/cdn.assetlog.ai\/assets\/188091\/brand-new-villas-with-private-garden-in-izmir-menemen_27_small.webp"}],"published_at":null,"expires_at":null,"created_at":"2026-09-04T13:41:52+00:00","updated_at":"2026-09-04T17:00:14+00:00"}}

Brand New Villas with Private Garden in İzmir Menemen

4-Bedroom Villas for Sale in İzmir Menemen Villakent
Menemen Villakent is one of the areas located on the northern axis of İzmir that has rapidly developed in recent years, offering a calm and orderly life. The area stands out with its proximity to Karşıyaka, Çiğli, and Foça, while also offering easy access to the city center. Known for its planned development and wide streets, Villakent generally consists of detached and low-rise houses. Thanks to its clean air, large green areas, and peaceful atmosphere, it offers an ideal option for those seeking a life away from the city crowds. Furthermore, with its developing infrastructure and increasing housing projects, Villakent is among the prominent locations in İzmir in terms of investment.
Villas for sale in İzmir are 950 meters from markets and daily necessities, 2.5 km from the main transportation route, 3.4 km from schools, 20 km from shopping centers, 20.5 km from hospitals, 21 km from Foça beach, 24 km from Karşıyaka center, 35 km from İzmir city center, and 57 km from Adnan Menderes Airport.
The villas are designed for family life. Designed with a semi-detached villa concept, they are situated in a quiet and orderly environment, offering a life in harmony with nature. The villas have private gardens, an open parking area, and all the necessary details for a comfortable life have been carefully considered.
The villas are equipped with an open-plan kitchen, en-suite bathroom, shower cabin, dressing area, steel door, modern and high-quality kitchen cabinets, built-in appliances, laundry area, electric vehicle charging station infrastructure, high-quality interior doors, and high-quality laminate flooring. Additionally, the villas offer heat and sound insulation, energy-efficient systems, and infrastructure features that meet modern living standards. ADB-00216

İzmir

85.Yıl Cumhuriyet
