{"data":{"id":186629,"slug":"city-view-brand-new-apartment-in-izmir-menemen","type":"real_estate","title":"City View Brand-New Apartment in \u0130zmir Menemen","description":"Brand-New Ready to Move City View Apartment in \u0130zmir\n\u0130zmir is known as a developed city with its excellent transportation system. Menemen is a developing region in \u0130zmir that offers easy access to the city\u2019s main points and is known for its peaceful atmosphere. The region hosts shopping centers, international private schools, a zoo, a bird sanctuary that is home to many specific bird species, and universities.\nThe apartment for sale in \u0130zmir is within walking distance of daily amenities; 50 m from the bus stop, 100 m from the supermarket, 600 m from the school, 17 km from the shopping center, 21 km from the Bostanl\u0131 coast, 23.5 km from the Kar\u015f\u0131yaka\u2013Bostanl\u0131 ferry dock, 40 km from the beaches of Fo\u00e7a, and 48 km from Adnan Menderes Airport.\nThe project consists of a single block with 4 storeys. The newly built building features a video intercom system, a lift, a janitor, and an outdoor parking lot. The spacious park in front of the project offers a comfortable and aesthetic lifestyle. The project is located in a university area, with two universities nearby.\nThe apartment includes an open-plan kitchen, high-quality kitchen cabinets, a built-in set, a steel door, bathroom cabinets, ceramic and laminate flooring, PVC windows, natural gas infrastructure, and a combi system. The apartment is ready for you to move in. ADB-00206","language":"en","is_translated":false,"price":"5500000.00","currency":"TRY","status":"active","noindex":false,"location":{"address":null,"full_address":null,"city":"\u0130zmir","country":"TR","latitude":38.5738321,"longitude":27.0700603},"metadata":{"floor":2,"rooms":3,"floors":4,"garage":true,"region":"Menemen","area_m2":75,"balcony":true,"parking":true,"bedrooms":2,"elevator":true,"features":["Air Conditioning","Balcony","Blinds","En-Suite Bathroom","Kitchen Appliances","Open-Plan Kitchen","Shower","Satellite TV","Car Park","Car Park (Closed)","Caretaker","Lift","Airport (0-50 Km)","City View","Bus Station","Stores \/ Shopping Mall","Bars \/ Restaurants","Air Conditioning","Gas Combi","West","East","North","South","North-West","North-East","South-West","South-East"],"bathrooms":2,"agency_ref":"ADB-00206-2-MiddleFloor","year_built":2026,"postal_code":"35672","source_type":"Apartments\/Middle Floor","listing_type":"sale","neighborhood":"Kemal Atat\u00fcrk","property_type":"apartment","air_conditioning":true,"distance_to_airport":"0\u201350 km"},"user_id":87,"is_sponsored":false,"views_count":0,"ai_views_count":1,"ai_vendor_counts":{"anthropic":1},"visibility":"public","submission_source":null,"submission_ai_name":null,"has_owner_email":true,"can_contact_owner":true,"phone":null,"user":{"id":87,"slug":"tekce-overseas-87","name":"TEKCE","bio":"TEKCE Real Estate is an international company with a global presence, operating 20 offices in five countries: Spain, Turkey, North Cyprus, Sweden, and the United Arab Emirates. Every office is owned by TEKCE and under its direct management. More than 250 professional real estate agents work with us, following the same principles in every country and sharing a common enthusiasm. Our multinational team speaks over 30 languages.","nationality":null,"languages":["en","es","tr","nl","sv","de","ar","el"],"service_areas":[{"lat":39.29408,"lng":35.23166,"osm":"R174737","name":"Turkey","type":"country","country_code":"TR"},{"lat":39.32607,"lng":-4.83798,"osm":"R1311341","name":"Spain","type":"country","country_code":"ES"},{"lat":24.00025,"lng":53.99948,"osm":"R307763","name":"United Arab Emirates","type":"country","country_code":"AE"},{"lat":34.9823,"lng":33.14513,"osm":"R307787","name":"Cyprus","type":"country","country_code":"CY"}],"card_style":null,"card_palette":null,"avatar_url":"https:\/\/cdn.assetlog.ai\/avatars\/87\/avatar_max.webp?v=1788531011","avatar_thumb_url":"https:\/\/cdn.assetlog.ai\/avatars\/87\/avatar_small.webp?v=1788531011","reviews_count":0,"avg_rating":null,"seller_badge":"silver","can_calendar":true,"joined_at":"2026-09-04T13:08:26+00:00","primary_intent":null,"seeking":[],"asset_types":["real_estate"],"public_assets_count":2971,"public_prompts_count":0,"followers_count":0},"images":[{"id":149310,"max":"https:\/\/cdn.assetlog.ai\/assets\/186629\/city-view-brand-new-apartment-in-izmir-menemen_1_max.webp","medium":"https:\/\/cdn.assetlog.ai\/assets\/186629\/city-view-brand-new-apartment-in-izmir-menemen_1_medium.webp","small":"https:\/\/cdn.assetlog.ai\/assets\/186629\/city-view-brand-new-apartment-in-izmir-menemen_1_small.webp"},{"id":149311,"max":"https:\/\/cdn.assetlog.ai\/assets\/186629\/city-view-brand-new-apartment-in-izmir-menemen_2_max.webp","medium":"https:\/\/cdn.assetlog.ai\/assets\/186629\/city-view-brand-new-apartment-in-izmir-menemen_2_medium.webp","small":"https:\/\/cdn.assetlog.ai\/assets\/186629\/city-view-brand-new-apartment-in-izmir-menemen_2_small.webp"},{"id":149312,"max":"https:\/\/cdn.assetlog.ai\/assets\/186629\/city-view-brand-new-apartment-in-izmir-menemen_3_max.webp","medium":"https:\/\/cdn.assetlog.ai\/assets\/186629\/city-view-brand-new-apartment-in-izmir-menemen_3_medium.webp","small":"https:\/\/cdn.assetlog.ai\/assets\/186629\/city-view-brand-new-apartment-in-izmir-menemen_3_small.webp"},{"id":149313,"max":"https:\/\/cdn.assetlog.ai\/assets\/186629\/city-view-brand-new-apartment-in-izmir-menemen_4_max.webp","medium":"https:\/\/cdn.assetlog.ai\/assets\/186629\/city-view-brand-new-apartment-in-izmir-menemen_4_medium.webp","small":"https:\/\/cdn.assetlog.ai\/assets\/186629\/city-view-brand-new-apartment-in-izmir-menemen_4_small.webp"},{"id":149315,"max":"https:\/\/cdn.assetlog.ai\/assets\/186629\/city-view-brand-new-apartment-in-izmir-menemen_5_max.webp","medium":"https:\/\/cdn.assetlog.ai\/assets\/186629\/city-view-brand-new-apartment-in-izmir-menemen_5_medium.webp","small":"https:\/\/cdn.assetlog.ai\/assets\/186629\/city-view-brand-new-apartment-in-izmir-menemen_5_small.webp"},{"id":149314,"max":"https:\/\/cdn.assetlog.ai\/assets\/186629\/city-view-brand-new-apartment-in-izmir-menemen_6_max.webp","medium":"https:\/\/cdn.assetlog.ai\/assets\/186629\/city-view-brand-new-apartment-in-izmir-menemen_6_medium.webp","small":"https:\/\/cdn.assetlog.ai\/assets\/186629\/city-view-brand-new-apartment-in-izmir-menemen_6_small.webp"},{"id":149316,"max":"https:\/\/cdn.assetlog.ai\/assets\/186629\/city-view-brand-new-apartment-in-izmir-menemen_7_max.webp","medium":"https:\/\/cdn.assetlog.ai\/assets\/186629\/city-view-brand-new-apartment-in-izmir-menemen_7_medium.webp","small":"https:\/\/cdn.assetlog.ai\/assets\/186629\/city-view-brand-new-apartment-in-izmir-menemen_7_small.webp"},{"id":149317,"max":"https:\/\/cdn.assetlog.ai\/assets\/186629\/city-view-brand-new-apartment-in-izmir-menemen_8_max.webp","medium":"https:\/\/cdn.assetlog.ai\/assets\/186629\/city-view-brand-new-apartment-in-izmir-menemen_8_medium.webp","small":"https:\/\/cdn.assetlog.ai\/assets\/186629\/city-view-brand-new-apartment-in-izmir-menemen_8_small.webp"},{"id":149318,"max":"https:\/\/cdn.assetlog.ai\/assets\/186629\/city-view-brand-new-apartment-in-izmir-menemen_9_max.webp","medium":"https:\/\/cdn.assetlog.ai\/assets\/186629\/city-view-brand-new-apartment-in-izmir-menemen_9_medium.webp","small":"https:\/\/cdn.assetlog.ai\/assets\/186629\/city-view-brand-new-apartment-in-izmir-menemen_9_small.webp"},{"id":149319,"max":"https:\/\/cdn.assetlog.ai\/assets\/186629\/city-view-brand-new-apartment-in-izmir-menemen_10_max.webp","medium":"https:\/\/cdn.assetlog.ai\/assets\/186629\/city-view-brand-new-apartment-in-izmir-menemen_10_medium.webp","small":"https:\/\/cdn.assetlog.ai\/assets\/186629\/city-view-brand-new-apartment-in-izmir-menemen_10_small.webp"},{"id":149320,"max":"https:\/\/cdn.assetlog.ai\/assets\/186629\/city-view-brand-new-apartment-in-izmir-menemen_11_max.webp","medium":"https:\/\/cdn.assetlog.ai\/assets\/186629\/city-view-brand-new-apartment-in-izmir-menemen_11_medium.webp","small":"https:\/\/cdn.assetlog.ai\/assets\/186629\/city-view-brand-new-apartment-in-izmir-menemen_11_small.webp"},{"id":149321,"max":"https:\/\/cdn.assetlog.ai\/assets\/186629\/city-view-brand-new-apartment-in-izmir-menemen_12_max.webp","medium":"https:\/\/cdn.assetlog.ai\/assets\/186629\/city-view-brand-new-apartment-in-izmir-menemen_12_medium.webp","small":"https:\/\/cdn.assetlog.ai\/assets\/186629\/city-view-brand-new-apartment-in-izmir-menemen_12_small.webp"},{"id":149322,"max":"https:\/\/cdn.assetlog.ai\/assets\/186629\/city-view-brand-new-apartment-in-izmir-menemen_13_max.webp","medium":"https:\/\/cdn.assetlog.ai\/assets\/186629\/city-view-brand-new-apartment-in-izmir-menemen_13_medium.webp","small":"https:\/\/cdn.assetlog.ai\/assets\/186629\/city-view-brand-new-apartment-in-izmir-menemen_13_small.webp"},{"id":149324,"max":"https:\/\/cdn.assetlog.ai\/assets\/186629\/city-view-brand-new-apartment-in-izmir-menemen_14_max.webp","medium":"https:\/\/cdn.assetlog.ai\/assets\/186629\/city-view-brand-new-apartment-in-izmir-menemen_14_medium.webp","small":"https:\/\/cdn.assetlog.ai\/assets\/186629\/city-view-brand-new-apartment-in-izmir-menemen_14_small.webp"},{"id":149323,"max":"https:\/\/cdn.assetlog.ai\/assets\/186629\/city-view-brand-new-apartment-in-izmir-menemen_15_max.webp","medium":"https:\/\/cdn.assetlog.ai\/assets\/186629\/city-view-brand-new-apartment-in-izmir-menemen_15_medium.webp","small":"https:\/\/cdn.assetlog.ai\/assets\/186629\/city-view-brand-new-apartment-in-izmir-menemen_15_small.webp"},{"id":149325,"max":"https:\/\/cdn.assetlog.ai\/assets\/186629\/city-view-brand-new-apartment-in-izmir-menemen_16_max.webp","medium":"https:\/\/cdn.assetlog.ai\/assets\/186629\/city-view-brand-new-apartment-in-izmir-menemen_16_medium.webp","small":"https:\/\/cdn.assetlog.ai\/assets\/186629\/city-view-brand-new-apartment-in-izmir-menemen_16_small.webp"},{"id":149326,"max":"https:\/\/cdn.assetlog.ai\/assets\/186629\/city-view-brand-new-apartment-in-izmir-menemen_17_max.webp","medium":"https:\/\/cdn.assetlog.ai\/assets\/186629\/city-view-brand-new-apartment-in-izmir-menemen_17_medium.webp","small":"https:\/\/cdn.assetlog.ai\/assets\/186629\/city-view-brand-new-apartment-in-izmir-menemen_17_small.webp"},{"id":149327,"max":"https:\/\/cdn.assetlog.ai\/assets\/186629\/city-view-brand-new-apartment-in-izmir-menemen_18_max.webp","medium":"https:\/\/cdn.assetlog.ai\/assets\/186629\/city-view-brand-new-apartment-in-izmir-menemen_18_medium.webp","small":"https:\/\/cdn.assetlog.ai\/assets\/186629\/city-view-brand-new-apartment-in-izmir-menemen_18_small.webp"},{"id":149328,"max":"https:\/\/cdn.assetlog.ai\/assets\/186629\/city-view-brand-new-apartment-in-izmir-menemen_19_max.webp","medium":"https:\/\/cdn.assetlog.ai\/assets\/186629\/city-view-brand-new-apartment-in-izmir-menemen_19_medium.webp","small":"https:\/\/cdn.assetlog.ai\/assets\/186629\/city-view-brand-new-apartment-in-izmir-menemen_19_small.webp"},{"id":149329,"max":"https:\/\/cdn.assetlog.ai\/assets\/186629\/city-view-brand-new-apartment-in-izmir-menemen_20_max.webp","medium":"https:\/\/cdn.assetlog.ai\/assets\/186629\/city-view-brand-new-apartment-in-izmir-menemen_20_medium.webp","small":"https:\/\/cdn.assetlog.ai\/assets\/186629\/city-view-brand-new-apartment-in-izmir-menemen_20_small.webp"},{"id":149331,"max":"https:\/\/cdn.assetlog.ai\/assets\/186629\/city-view-brand-new-apartment-in-izmir-menemen_21_max.webp","medium":"https:\/\/cdn.assetlog.ai\/assets\/186629\/city-view-brand-new-apartment-in-izmir-menemen_21_medium.webp","small":"https:\/\/cdn.assetlog.ai\/assets\/186629\/city-view-brand-new-apartment-in-izmir-menemen_21_small.webp"},{"id":149330,"max":"https:\/\/cdn.assetlog.ai\/assets\/186629\/city-view-brand-new-apartment-in-izmir-menemen_22_max.webp","medium":"https:\/\/cdn.assetlog.ai\/assets\/186629\/city-view-brand-new-apartment-in-izmir-menemen_22_medium.webp","small":"https:\/\/cdn.assetlog.ai\/assets\/186629\/city-view-brand-new-apartment-in-izmir-menemen_22_small.webp"},{"id":149332,"max":"https:\/\/cdn.assetlog.ai\/assets\/186629\/city-view-brand-new-apartment-in-izmir-menemen_23_max.webp","medium":"https:\/\/cdn.assetlog.ai\/assets\/186629\/city-view-brand-new-apartment-in-izmir-menemen_23_medium.webp","small":"https:\/\/cdn.assetlog.ai\/assets\/186629\/city-view-brand-new-apartment-in-izmir-menemen_23_small.webp"},{"id":149333,"max":"https:\/\/cdn.assetlog.ai\/assets\/186629\/city-view-brand-new-apartment-in-izmir-menemen_24_max.webp","medium":"https:\/\/cdn.assetlog.ai\/assets\/186629\/city-view-brand-new-apartment-in-izmir-menemen_24_medium.webp","small":"https:\/\/cdn.assetlog.ai\/assets\/186629\/city-view-brand-new-apartment-in-izmir-menemen_24_small.webp"}],"published_at":null,"expires_at":null,"created_at":"2026-09-04T13:33:43+00:00","updated_at":"2026-09-04T15:00:14+00:00"}}

City View Brand-New Apartment in İzmir Menemen

Brand-New Ready to Move City View Apartment in İzmir
İzmir is known as a developed city with its excellent transportation system. Menemen is a developing region in İzmir that offers easy access to the city’s main points and is known for its peaceful atmosphere. The region hosts shopping centers, international private schools, a zoo, a bird sanctuary that is home to many specific bird species, and universities.
The apartment for sale in İzmir is within walking distance of daily amenities; 50 m from the bus stop, 100 m from the supermarket, 600 m from the school, 17 km from the shopping center, 21 km from the Bostanlı coast, 23.5 km from the Karşıyaka–Bostanlı ferry dock, 40 km from the beaches of Foça, and 48 km from Adnan Menderes Airport.
The project consists of a single block with 4 storeys. The newly built building features a video intercom system, a lift, a janitor, and an outdoor parking lot. The spacious park in front of the project offers a comfortable and aesthetic lifestyle. The project is located in a university area, with two universities nearby.
The apartment includes an open-plan kitchen, high-quality kitchen cabinets, a built-in set, a steel door, bathroom cabinets, ceramic and laminate flooring, PVC windows, natural gas infrastructure, and a combi system. The apartment is ready for you to move in. ADB-00206

İzmir

Kemal Atatürk
