{"data":{"id":176514,"slug":"helgpersonal-frukost","type":"job","title":"Weekend Breakfast Staff","description":"We are looking to expand our team at Hotel Granen with additional breakfast staff for winter 26\/27. The job runs from mid-December through the end of April, with the possibility of extension.\nWe need someone to work Saturdays and Sundays as well as holidays\/public holidays. But also some weekdays occasionally. So approximately 2-3 days per week.\nWe are a small, cozy hotel located just above \u00c5re square. We prioritize taking care of both our guests and our staff, ensuring that everyone is happy and doing well.\nAs a breakfast host\/hostess, you are responsible for ensuring all food is served on time. You handle both hot and cold dishes. You prepare new food for the coming day, manage dishwashing, ensure everything is stocked and fresh in the dining area, wipe tables, clear up when breakfast is finished, etc. You are also responsible for providing excellent service to our guests and making sure everyone feels welcome.\nWe are looking for someone who is a morning person, positive, cheerful, service-oriented, thorough, and reliable. The position is primarily for weekends and holidays. However, there is also the possibility of more days per week. The work shift starts at 06:00 and usually ends around 12:00-13:00.\nGet in touch if this interests you :)","language":"sv","is_translated":true,"title_original":"Helgpersonal frukost","description_original":"Vi beh\u00f6ver ut\u00f6ka v\u00e5r familj p\u00e5 Hotell Granen med extra frukostpersonal till vintern 26\/27. Jobbet p\u00e5g\u00e5r fr\u00e5n mitten av december till slutet av april. Med m\u00f6jlighet till f\u00f6rl\u00e4ngning. \nVi beh\u00f6ver n\u00e5gon som jobbar l\u00f6rdagar och s\u00f6ndagar samt h\u00f6gtider\/r\u00f6da dagar. Men \u00e4ven n\u00e5gon vardag ibland. Allts\u00e5 ca 2-3 dagar per vecka. \nVi \u00e4r ett litet, hemtrevligt hotell. Bel\u00e4get strax ovanf\u00f6r \u00c5re torg. Vi har h\u00f6gsta fokus p\u00e5 att ta hand om b\u00e5de v\u00e5ra g\u00e4ster och v\u00e5r personal och se till att alla trivs och m\u00e5r bra.\nSom frukostv\u00e4rd\/v\u00e4rdinna ansvarar du f\u00f6r att all mat dukas fram i tid, du sk\u00f6ter b\u00e5de det varma och det kalla. Du preparerar ny mat till kommande dag, tar hand om disk, ser till att allt \u00e4r p\u00e5fyllt och fr\u00e4scht i matsalen, torkar bord, plockar undan n\u00e4r frukosten \u00e4r slut osv. Du ansvarar ocks\u00e5 f\u00f6r att ge h\u00f6gsta service till att v\u00e5ra g\u00e4ster och se till att alla k\u00e4nner sig v\u00e4lkomna.\nVi s\u00f6ker dig som \u00e4r morgonpigg, positiv, glad, serviceinriktad, noggrann och p\u00e5litlig. Anst\u00e4llningen g\u00e4ller i f\u00f6rsta hand helger och h\u00f6gtider. Men det finns \u00e4ven m\u00f6jlighet till fler dagar\/vecka. Arbetspasset b\u00f6rjar kl 06.00 och avslutas ofta runt 12.00-13.00 tiden. \nH\u00f6r av dig ifall detta \u00e4r av intresse f\u00f6r dig :)","price":null,"currency":"SEK","status":"active","noindex":true,"location":{"address":"Tottv\u00e4gen 127","full_address":null,"city":"\u00c5re","country":"SE","latitude":63.401650095309,"longitude":13.082811066975},"metadata":{"region":"J\u00e4mtlands l\u00e4n","duration":"3 m\u00e5nader \u2013 upp till 6 m\u00e5nader","employer":"Hotell \u00c5regranen AB","postcode":"83751","positions":1,"profession":"Restaurangbitr\u00e4de","salary_type":"Fast m\u00e5nads- vecko- eller timl\u00f6n","employer_url":"www.aregranen.se","scope_of_work":"0\u2013100 %","working_hours":"Deltid","contact_person":"Amanda R\u00f6nngren","employment_type":"contract","occupation_field":"Hotell, restaurang, storhush\u00e5ll","employer_workplace":"\u00c5regranen AB, Hotell","experience_required":true,"employment_type_label":"Behovsanst\u00e4llning"},"user_id":null,"is_sponsored":false,"views_count":5,"ai_views_count":10,"ai_vendor_counts":{"meta":4,"other":2,"openai":3,"anthropic":1},"visibility":"public","submission_source":null,"submission_ai_name":null,"has_owner_email":true,"can_contact_owner":true,"phone":null,"owner_email":"amanda@aregranen.se","images":[],"published_at":"2026-08-27T14:51:25+00:00","expires_at":"2026-11-30T23:59:59+00:00","created_at":"2026-08-28T03:32:11+00:00","updated_at":"2026-09-01T02:45:42+00:00"}}

We are looking to expand our team at Hotel Granen with additional breakfast staff for winter 26/27. The job runs from mid-December through the end of April, with the possibility of extension.
We need someone to work Saturdays and Sundays as well as holidays/public holidays. But also some weekdays occasionally. So approximately 2-3 days per week.
We are a small, cozy hotel located just above Åre square. We prioritize taking care of both our guests and our staff, ensuring that everyone is happy and doing well.
As a breakfast host/hostess, you are responsible for ensuring all food is served on time. You handle both hot and cold dishes. You prepare new food for the coming day, manage dishwashing, ensure everything is stocked and fresh in the dining area, wipe tables, clear up when breakfast is finished, etc. You are also responsible for providing excellent service to our guests and making sure everyone feels welcome.
We are looking for someone who is a morning person, positive, cheerful, service-oriented, thorough, and reliable. The position is primarily for weekends and holidays. However, there is also the possibility of more days per week. The work shift starts at 06:00 and usually ends around 12:00-13:00.
Get in touch if this interests you :)

Vi behöver utöka vår familj på Hotell Granen med extra frukostpersonal till vintern 26/27. Jobbet pågår från mitten av december till slutet av april. Med möjlighet till förlängning. 
Vi behöver någon som jobbar lördagar och söndagar samt högtider/röda dagar. Men även någon vardag ibland. Alltså ca 2-3 dagar per vecka. 
Vi är ett litet, hemtrevligt hotell. Beläget strax ovanför Åre torg. Vi har högsta fokus på att ta hand om både våra gäster och vår personal och se till att alla trivs och mår bra.
Som frukostvärd/värdinna ansvarar du för att all mat dukas fram i tid, du sköter både det varma och det kalla. Du preparerar ny mat till kommande dag, tar hand om disk, ser till att allt är påfyllt och fräscht i matsalen, torkar bord, plockar undan när frukosten är slut osv. Du ansvarar också för att ge högsta service till att våra gäster och se till att alla känner sig välkomna.
Vi söker dig som är morgonpigg, positiv, glad, serviceinriktad, noggrann och pålitlig. Anställningen gäller i första hand helger och högtider. Men det finns även möjlighet till fler dagar/vecka. Arbetspasset börjar kl 06.00 och avslutas ofta runt 12.00-13.00 tiden. 
Hör av dig ifall detta är av intresse för dig :)

Tottvägen 127

Åre

Jämtlands län

3 månader – upp till 6 månader

Hotell Åregranen AB

Restaurangbiträde

Fast månads- vecko- eller timlön

Amanda Rönngren

Hotell, restaurang, storhushåll

Åregranen AB, Hotell

Behovsanställning
