{"data":{"id":184158,"slug":"vi-soker-en-arbetsledare-med-inriktning-lokalvard-till-sollentuna-kommuns","type":"job","title":"Work Supervisor - Facilities Management for Sollentuna Municipality","description":"Do you want to make a real difference for people who need support to approach the job market? Then you might be the person we're looking for!\n\nJob Duties\nAs a work supervisor, you will become part of Sollentuna Municipality's labor market unit (AME), where we have consolidated the municipality's labor market measures. To our AME come people who need support to approach the job market. The needs vary greatly, and we meet people with different backgrounds, experiences, and life situations. Together we create individual plans so that each person can achieve self-sufficiency as soon as possible.\n\nOur work is characterized by respect, attentiveness, and individualized treatment. Our practical activities consist of reuse and service, facilities management, sanitation and graffiti removal, nature and park maintenance, and textile reuse. We offer motivating and skill-enhancing measures so that participants can start working or studying.\n\nYour focus area will be facilities management. You will work closely with participants to instruct and teach relevant professional skills related to facilities management. Furthermore, you will motivate and inspire our participants based on the methods we work with and make adjustments based on each individual's needs and circumstances. You work closely with other work supervisors. Together with labor market coordinators, you will develop individual development plans, set goals and sub-goals, and follow up on these continuously with the participants. It also includes holding follow-up meetings with clients regarding practical work in facilities management together with your colleague.\n\nQualifications\nThe role is broad and requires both practical and theoretical competence. We are looking for someone who has:\n\nexperience working with people in need of support\nprofessional expertise in facilities management\npedagogical competence\ngood understanding of labor market demands and conditions\nexperience leading work groups\nexperience with documentation and reporting\ngood knowledge of Swedish, preferably with additional language skills\n\nWe consider it a merit if you have experience from municipal activities, but it is not a requirement. We continuously work to improve our methods and also consider it a merit if you have previously worked according to methods such as MI (Motivational Interviewing), SE (Supported Employment), IPS (Individual Placement and Support), and\/or have knowledge from BIP.\n\nGreat importance is placed on your personal suitability in this recruitment. We are looking for someone who is creative and has a solution-oriented approach. A positive attitude and an engaged work style are important to thrive with us. You take initiative easily and take responsibility for your tasks. To be able to provide good support in the role, you need to be comfortable handling challenges with professional composure. You communicate clearly and effectively, both verbally and in writing, and work well with others. We share responsibility for the overall practical operations and support each other when needed.\n\nOther Information\nIn this recruitment, we have chosen not to have a personal letter as part of the selection process. We therefore ask you to only attach a CV and answer a couple of questions.\n\nFor questions or inquiries, contact recruiting manager Anna \u00d6stman, anna.ostman@sollentuna.se.\n\nWe Offer\nWelcome to Sollentuna \u2013 a municipality full of possibilities! Together we make Sollentuna better every day for our residents, entrepreneurs, and organizations. We have clear and ambitious goals to create security, welfare, and sustainable growth.\n\nWe offer you a meaningful and enjoyable job in a stable environment where the level of ambition is high. With us, you get fantastic colleagues who want to make a difference for others. Now we are looking for someone who is innovative, responsible, and welcoming. Join us on the journey toward creating Sweden's most attractive municipality!","language":"sv","is_translated":true,"title_original":"Vi s\u00f6ker en arbetsledare med inriktning lokalv\u00e5rd till Sollentuna kommuns","description_original":"Vill du vara med och g\u00f6ra verklig skillnad f\u00f6r personer som beh\u00f6ver st\u00f6d f\u00f6r att n\u00e4rma sig arbetsmarknaden? D\u00e5 kan du vara den vi s\u00f6ker!\u00a0\nArbetsuppgifter\nSom arbetsledare kommer du bli en del av Sollentuna kommuns arbetsmarknadsenhet (AME) d\u00e4r vi samlat de kommunala arbetsmarknads\u00e5tg\u00e4rderna. Till oss p\u00e5 AME kommer personer som \u00e4r i behov av st\u00f6d f\u00f6r att n\u00e4rma sig arbetsmarknaden. Behovsbilden varierar stort, och vi m\u00f6ter m\u00e4nniskor med olika bakgrunder, erfarenheter och livssituationer. Tillsammans skapar vi individuella planer f\u00f6r att varje person ska n\u00e5 sj\u00e4lvf\u00f6rs\u00f6rjning s\u00e5 snart som m\u00f6jligt.\nV\u00e5rt arbete pr\u00e4glas av respekt, lyh\u00f6rdhet och ett individanpassat bem\u00f6tande. V\u00e5ra praktiska verksamheter best\u00e5r av \u00e5terbruk och service, lokalv\u00e5rd, renh\u00e5llning och klottersanering, natur- och parksk\u00f6tsel och textil\u00e5terbruk. Vi erbjuder motiverande och kompetensh\u00f6jande insatser f\u00f6r att deltagarna ska kunna b\u00f6rja arbeta eller studera.\u00a0\nDitt fokusomr\u00e5de kommer vara lokalv\u00e5rd. Du kommer att arbeta n\u00e4ra deltagarna med att instruera och l\u00e4ra ut relevanta yrkeskunskaper kopplat till lokalv\u00e5rd. Vidare ska du motivera och inspirera v\u00e5ra deltagare utifr\u00e5n de metoder vi arbetar efter och g\u00f6ra anpassningar utifr\u00e5n varje individs behov och f\u00f6ruts\u00e4ttningar. Du arbetar n\u00e4ra de andra arbetsledarna. Du kommer tillsammans med arbetsmarknadshandl\u00e4ggare utforma individuella utvecklingsplaner, s\u00e4tta upp m\u00e5l och delm\u00e5l samt f\u00f6ljer upp dessa kontinuerligt tillsammans med deltagarna. Det ing\u00e5r \u00e4ven att tillsammans med din kollega ha uppf\u00f6ljningsm\u00f6te med uppdragsgivare g\u00e4llande det praktiska arbetet inom lokalv\u00e5rd.\nKvalifikationer\nRollen \u00e4r bred och kr\u00e4ver b\u00e5de praktisk och teoretisk kompetens. Vi s\u00f6ker dig som har:\u00a0\nerfarenhet av arbete med m\u00e4nniskor i behov av st\u00f6d.\u00a0\nyrkeskompetens inom lokalv\u00e5rd\npedagogisk kompetens\ngod f\u00f6rst\u00e5else f\u00f6r arbetsmarknadens krav och f\u00f6ruts\u00e4ttningar\nerfarenhet av att leda arbetsgrupper\nerfarenhet av dokumentation och rapportering\ngoda kunskaper i svenska, g\u00e4rna med ytterligare spr\u00e5kkunskaper\n\nVi ser det som meriterande om du har erfarenhet fr\u00e5n kommunal verksamhet men det \u00e4r inte ett krav. Vi arbetar st\u00e4ndigt med att f\u00f6rb\u00e4ttra v\u00e5rt arbetss\u00e4tt och ser det \u00e4ven som meriterande om du tidigare arbetat enligt metoder\u202fs\u00e5som MI (Motiverande samtal) SE (Supported Employment), IPS (Individual Placement and Support) och\/eller har kunskaperna fr\u00e5n BIP.\nStor vikt l\u00e4ggs vid din personliga l\u00e4mplighet i denna rekrytering. Vi s\u00f6ker dig som \u00e4r kreativ och har ett l\u00f6sningsorienterat f\u00f6rh\u00e5llningss\u00e4tt. En positiv attityd och ett engagerat arbetss\u00e4tt \u00e4r viktiga f\u00f6r att trivas hos oss. Du har l\u00e4tt f\u00f6r att ta egna initiativ och tar ansvar f\u00f6r dina arbetsuppgifter. F\u00f6r att kunna ge ett gott st\u00f6d i rollen beh\u00f6ver du vara trygg i att hantera utmaningar med ett professionellt lugn. Du kommunicerar tydligt och effektivt, b\u00e5de muntligt och skriftligt, och har l\u00e4tt f\u00f6r att samarbeta med andra. Vi tar ett gemensamt ansvar f\u00f6r helheten i v\u00e5ra praktiska verksamheter och st\u00f6ttar varandra vid behov.\n\u00d6vrigt\nI denna rekrytering har vi valt att inte ha personligt brev som en del av urvalsf\u00f6rfarandet. Vi ber dig d\u00e4rf\u00f6r endast bifoga CV samt besvara ett par fr\u00e5gor.\u00a0\nVid fr\u00e5gor eller funderingar kontakta rekryterande chef Anna \u00d6stman, anna.ostman@sollentuna.se.\nVi erbjuder\nV\u00e4lkommen till Sollentuna \u2013 en kommun mitt i m\u00f6jligheterna! Tillsammans g\u00f6r vi Sollentuna b\u00e4ttre varje dag f\u00f6r v\u00e5ra inv\u00e5nare, f\u00f6retagare och organisationer. Vi har tydliga och ambiti\u00f6sa m\u00e5l f\u00f6r att skapa trygghet, v\u00e4lf\u00e4rd och h\u00e5llbar tillv\u00e4xt. \nVi erbjuder dig ett meningsfullt och roligt jobb i en stabil milj\u00f6 d\u00e4r ambitionsniv\u00e5n \u00e4r h\u00f6g. Hos oss f\u00e5r du fantastiska kollegor som vill g\u00f6ra skillnad f\u00f6r andra. Nu s\u00f6ker vi dig som \u00e4r nyt\u00e4nkande, ansvarstagande och v\u00e4lkomnande. F\u00f6lj med oss p\u00e5 resan mot att skapa Sveriges mest attraktiva kommun!","price":null,"currency":"SEK","status":"active","noindex":true,"location":{"address":"Turebergs Torg 1","full_address":null,"city":"Sollentuna","country":"SE","latitude":59.4459008,"longitude":17.9237831},"metadata":{"region":"Stockholms l\u00e4n","duration":"Tills vidare","employer":"Sollentuna kommun","postcode":"19186","positions":1,"profession":"V\u00e5rdare\/Arbetshandledare\/Boendest\u00f6djare","salary_type":"Fast m\u00e5nads- vecko- eller timl\u00f6n","employer_url":"https:\/\/sollentuna.varbi.com","scope_of_work":"100\u2013100 %","working_hours":"Heltid","contact_person":"Anna \u00d6stman","employment_type":"full_time","occupation_field":"Yrken med social inriktning","employer_workplace":"Sollentuna kommun","translation_status":"done","experience_required":true,"employment_type_label":"Vanlig anst\u00e4llning"},"user_id":null,"is_sponsored":false,"views_count":0,"ai_views_count":1,"ai_vendor_counts":{"anthropic":1},"visibility":"public","submission_source":null,"submission_ai_name":null,"has_owner_email":true,"can_contact_owner":true,"phone":null,"owner_email":"anna.ostman@sollentuna.se","images":[],"published_at":"2026-09-02T14:31:30+00:00","expires_at":"2026-09-16T23:59:59+00:00","created_at":"2026-09-03T03:18:01+00:00","updated_at":"2026-09-03T04:01:18+00:00"}}

Do you want to make a real difference for people who need support to approach the job market? Then you might be the person we're looking for!

Job Duties
As a work supervisor, you will become part of Sollentuna Municipality's labor market unit (AME), where we have consolidated the municipality's labor market measures. To our AME come people who need support to approach the job market. The needs vary greatly, and we meet people with different backgrounds, experiences, and life situations. Together we create individual plans so that each person can achieve self-sufficiency as soon as possible.

Our work is characterized by respect, attentiveness, and individualized treatment. Our practical activities consist of reuse and service, facilities management, sanitation and graffiti removal, nature and park maintenance, and textile reuse. We offer motivating and skill-enhancing measures so that participants can start working or studying.

Your focus area will be facilities management. You will work closely with participants to instruct and teach relevant professional skills related to facilities management. Furthermore, you will motivate and inspire our participants based on the methods we work with and make adjustments based on each individual's needs and circumstances. You work closely with other work supervisors. Together with labor market coordinators, you will develop individual development plans, set goals and sub-goals, and follow up on these continuously with the participants. It also includes holding follow-up meetings with clients regarding practical work in facilities management together with your colleague.

Qualifications
The role is broad and requires both practical and theoretical competence. We are looking for someone who has:

experience working with people in need of support
professional expertise in facilities management
pedagogical competence
good understanding of labor market demands and conditions
experience leading work groups
experience with documentation and reporting
good knowledge of Swedish, preferably with additional language skills

We consider it a merit if you have experience from municipal activities, but it is not a requirement. We continuously work to improve our methods and also consider it a merit if you have previously worked according to methods such as MI (Motivational Interviewing), SE (Supported Employment), IPS (Individual Placement and Support), and/or have knowledge from BIP.

Great importance is placed on your personal suitability in this recruitment. We are looking for someone who is creative and has a solution-oriented approach. A positive attitude and an engaged work style are important to thrive with us. You take initiative easily and take responsibility for your tasks. To be able to provide good support in the role, you need to be comfortable handling challenges with professional composure. You communicate clearly and effectively, both verbally and in writing, and work well with others. We share responsibility for the overall practical operations and support each other when needed.

Other Information
In this recruitment, we have chosen not to have a personal letter as part of the selection process. We therefore ask you to only attach a CV and answer a couple of questions.

For questions or inquiries, contact recruiting manager Anna Östman, anna.ostman@sollentuna.se.

We Offer
Welcome to Sollentuna – a municipality full of possibilities! Together we make Sollentuna better every day for our residents, entrepreneurs, and organizations. We have clear and ambitious goals to create security, welfare, and sustainable growth.

We offer you a meaningful and enjoyable job in a stable environment where the level of ambition is high. With us, you get fantastic colleagues who want to make a difference for others. Now we are looking for someone who is innovative, responsible, and welcoming. Join us on the journey toward creating Sweden's most attractive municipality!

Vi söker en arbetsledare med inriktning lokalvård till Sollentuna kommuns

Vill du vara med och göra verklig skillnad för personer som behöver stöd för att närma sig arbetsmarknaden? Då kan du vara den vi söker! 
Arbetsuppgifter
Som arbetsledare kommer du bli en del av Sollentuna kommuns arbetsmarknadsenhet (AME) där vi samlat de kommunala arbetsmarknadsåtgärderna. Till oss på AME kommer personer som är i behov av stöd för att närma sig arbetsmarknaden. Behovsbilden varierar stort, och vi möter människor med olika bakgrunder, erfarenheter och livssituationer. Tillsammans skapar vi individuella planer för att varje person ska nå självförsörjning så snart som möjligt.
Vårt arbete präglas av respekt, lyhördhet och ett individanpassat bemötande. Våra praktiska verksamheter består av återbruk och service, lokalvård, renhållning och klottersanering, natur- och parkskötsel och textilåterbruk. Vi erbjuder motiverande och kompetenshöjande insatser för att deltagarna ska kunna börja arbeta eller studera. 
Ditt fokusområde kommer vara lokalvård. Du kommer att arbeta nära deltagarna med att instruera och lära ut relevanta yrkeskunskaper kopplat till lokalvård. Vidare ska du motivera och inspirera våra deltagare utifrån de metoder vi arbetar efter och göra anpassningar utifrån varje individs behov och förutsättningar. Du arbetar nära de andra arbetsledarna. Du kommer tillsammans med arbetsmarknadshandläggare utforma individuella utvecklingsplaner, sätta upp mål och delmål samt följer upp dessa kontinuerligt tillsammans med deltagarna. Det ingår även att tillsammans med din kollega ha uppföljningsmöte med uppdragsgivare gällande det praktiska arbetet inom lokalvård.
Kvalifikationer
Rollen är bred och kräver både praktisk och teoretisk kompetens. Vi söker dig som har: 
erfarenhet av arbete med människor i behov av stöd. 
yrkeskompetens inom lokalvård
pedagogisk kompetens
god förståelse för arbetsmarknadens krav och förutsättningar
erfarenhet av att leda arbetsgrupper
erfarenhet av dokumentation och rapportering
goda kunskaper i svenska, gärna med ytterligare språkkunskaper

Vi ser det som meriterande om du har erfarenhet från kommunal verksamhet men det är inte ett krav. Vi arbetar ständigt med att förbättra vårt arbetssätt och ser det även som meriterande om du tidigare arbetat enligt metoder såsom MI (Motiverande samtal) SE (Supported Employment), IPS (Individual Placement and Support) och/eller har kunskaperna från BIP.
Stor vikt läggs vid din personliga lämplighet i denna rekrytering. Vi söker dig som är kreativ och har ett lösningsorienterat förhållningssätt. En positiv attityd och ett engagerat arbetssätt är viktiga för att trivas hos oss. Du har lätt för att ta egna initiativ och tar ansvar för dina arbetsuppgifter. För att kunna ge ett gott stöd i rollen behöver du vara trygg i att hantera utmaningar med ett professionellt lugn. Du kommunicerar tydligt och effektivt, både muntligt och skriftligt, och har lätt för att samarbeta med andra. Vi tar ett gemensamt ansvar för helheten i våra praktiska verksamheter och stöttar varandra vid behov.
Övrigt
I denna rekrytering har vi valt att inte ha personligt brev som en del av urvalsförfarandet. Vi ber dig därför endast bifoga CV samt besvara ett par frågor. 
Vid frågor eller funderingar kontakta rekryterande chef Anna Östman, anna.ostman@sollentuna.se.
Vi erbjuder
Välkommen till Sollentuna – en kommun mitt i möjligheterna! Tillsammans gör vi Sollentuna bättre varje dag för våra invånare, företagare och organisationer. Vi har tydliga och ambitiösa mål för att skapa trygghet, välfärd och hållbar tillväxt. 
Vi erbjuder dig ett meningsfullt och roligt jobb i en stabil miljö där ambitionsnivån är hög. Hos oss får du fantastiska kollegor som vill göra skillnad för andra. Nu söker vi dig som är nytänkande, ansvarstagande och välkomnande. Följ med oss på resan mot att skapa Sveriges mest attraktiva kommun!

Stockholms län

Vårdare/Arbetshandledare/Boendestödjare

Fast månads- vecko- eller timlön

Anna Östman

Vanlig anställning
