{"data":{"id":178787,"slug":"vikarierande-chef-digitaliseringsenheten","type":"job","title":"Interim Head of the Digitalization Unit","description":"Do you want to contribute to safer healthcare and social care? The Health and Social Care Inspectorate (IVO) is now seeking an interim unit head for the Digitalization Unit within the Business Area for Digitalization and IT.\n \nIVO's mission and area of responsibility are expanding. We are sharpening both our working methods and our organization to take on a larger task. In the coming years, we will need to grow our workforce. The Digitalization Unit is responsible for developing and managing digital solutions, information coordination, data supply, and data-driven working methods.\n \nAbout the Job\nAs head of the Digitalization Unit, you are responsible for leading and developing the unit's work. You translate plans, decisions, and guidelines into practical implementation. You create conditions for business development and improved working methods, and you ensure legally sound and efficient case handling within the unit. You practice close and trust-building leadership where ongoing dialogue and feedback are important components. You are responsible for ensuring that your employees have the competence and resources required to carry out their work in a good and safe working environment.\n \nYou report to the head of the business area and are part of their management group, where you actively contribute to coordination and strategic management of the business area. You have operational, budget, and personnel responsibility for your unit. You may have employees and fellow managers with positions at other locations, which requires that you can exercise good leadership at a distance. The role involves close collaboration with the business area head and other unit heads within the department, as well as with other units and functions within the agency. You represent the business and collaborate with other authorities and stakeholders.\n \nThe Leadership Role\nYou should be a reliable leader and employer representative with a good understanding of the employer role in relation to both employees and your direct manager. Furthermore, you should have the ability to communicate and anchor decisions and messages in a way that is understandable and appropriate. You build relationships within the agency and create conditions for a shared strategic direction for the unit and the business area. The role requires attentive, engaged, and developmental leadership, with a focus on leading, coaching, and developing employees in line with IVO's mission and goals.\n \nQualifications\nWe are looking for someone who has:\nAn academic degree in an area deemed relevant by the employer,\nMultiple years of experience as a work leader with good leadership qualities,\nMultiple years of experience leading and driving agile development,\nMultiple years of practical experience with Scrum methodology,\nRelevant experience working within the state or other public sector,\nKnowledge of laws and regulations governing public sector operations,\nExperience working in accordance with requirements for legal certainty and quality,\nStrong skills in Swedish, both spoken and written.\n\n \nWe consider it advantageous if you also have experience with:\nLeading employees in change management,\nRepresenting the employer in internal and external settings,\nLeading qualified employees.\n\n \nIf you have good knowledge of IVO's mission and operations, that is an advantage.\n \nPersonal Qualities\nTo thrive in the role, you need to be a present and reliable leader with operations in focus. You have the ability to create participation and engagement, and you involve employees in development work. Your leadership creates conditions for active employee participation, good dialogue, and a learning organization. You demonstrate trust in your employees' and colleagues' competence, and you take on challenges and act with courage when needed.\nIn the recruitment process, we will place great emphasis on your personal qualities.\n \nWhat IVO Can Offer You\nWe offer a developmental role in a dynamic knowledge-driven organization where you contribute to developing modern and effective supervision. We are constantly improving our working methods and strive for a workforce composition that reflects society's diversity. Read about our terms of employment and benefits here: https:\/\/www.ivo.se\/om-ivo\/arbeta-hos-oss\/\n \nThe employment is a temporary position until March 30, 2027. The position is full-time with placement in Stockholm or Ume\u00e5, but with the option to work partly from home.\n \nApplication\nYou apply by answering our selection questions and submitting your CV. The application must be submitted in Swedish. Answer the questions clearly and thoroughly, as they form the basis for the selection process; do not refer to other documents such as your CV.\nAnswering the questions is a prerequisite for your application to be considered complete. Apply no later than September 4, 2026.\n \nRead more about our recruitment process here: https:\/\/www.ivo.se\/om-ivo\/arbeta-hos-oss\/\n \nOther Information\nPosition: Interim Unit Head, Digitalization Unit\n Employment Type: Temporary position from October 1, 2026 to March 30, 2027\n Location: Stockholm or Ume\u00e5\n Working Hours: Flexible working hours\/Flex time\n Start Date: October 1, 2026\n \nIVO Contributes to Safe and Secure Healthcare and Social Care\nIVO stands for commitment and broad knowledge of Swedish healthcare and social care. We inspect, draw lessons, and work to make healthcare and social care better and safer \u2013 always with a focus on patients and service users.\nWe have over 850 employees. Supervisory work is conducted at six regional offices in Ume\u00e5, Stockholm, \u00d6rebro, J\u00f6nk\u00f6ping, Gothenburg, and Malm\u00f6.\n \nIn Stockholm, there are also cross-agency departments for stakeholder control, business support, legal support, analysis, planning and communication, as well as the Director General's office.","language":"sv","is_translated":true,"title_original":"Vikarierande chef Digitaliseringsenheten","description_original":"Vill du bidra till en tryggare v\u00e5rd och omsorg? Inspektionen f\u00f6r v\u00e5rd och omsorg (IVO) s\u00f6ker nu en vikarierande enhetschef till Digitaliseringsenheten inom Verksamhetsomr\u00e5de digitalisering och IT.\n\u00a0\nIVO:s uppdrag och ansvarsomr\u00e5de v\u00e4xer. Vi v\u00e4ssar b\u00e5de v\u00e5rt arbetss\u00e4tt och v\u00e5r organisation f\u00f6r att kunna axla en st\u00f6rre uppgift. Under de kommande \u00e5ren kommer vi beh\u00f6va bli fler medarbetare.Digitaliseringsenheten ansvarar f\u00f6r utveckling och f\u00f6rvaltning av digitala l\u00f6sningar, informationssamordning, dataf\u00f6rs\u00f6rjning och datadrivna arbetss\u00e4tt.\n\u00a0\nOm jobbet\nSom chef f\u00f6r enheten digitalisering har du ansvar f\u00f6r att leda och utveckla enhetens arbete. Du oms\u00e4tter planer, beslut och riktlinjer i praktiskt genomf\u00f6rande. Du skapar f\u00f6ruts\u00e4ttningar f\u00f6r verksamhetsutveckling och f\u00f6rb\u00e4ttrade arbetss\u00e4tt, och s\u00e4kerst\u00e4ller en r\u00e4ttss\u00e4ker och effektiv handl\u00e4ggning inom enheten. Du ut\u00f6var ett n\u00e4ra och f\u00f6rtroendeskapande ledarskap d\u00e4r l\u00f6pande dialog och \u00e5terkoppling \u00e4r viktiga best\u00e5ndsdelar. Du ansvarar f\u00f6r att dina medarbetare har den kompetens och de f\u00f6ruts\u00e4ttningar som kr\u00e4vs f\u00f6r att genomf\u00f6ra sitt arbete i en god och s\u00e4ker arbetsmilj\u00f6.\n\u00a0\nDu rapporterar till chefen f\u00f6r verksamhetsomr\u00e5det och ing\u00e5r i dennes ledningsgrupp d\u00e4r du aktivt bidrar till samordning och strategisk styrning av verksamhetsomr\u00e5det. Du har verksamhets-, budget- och personalansvar f\u00f6r din enhet. Du kan komma att ha medarbetare och chefskollegor med tj\u00e4nstest\u00e4lle p\u00e5 annan ort, vilket f\u00f6ruts\u00e4tter att du kan ut\u00f6va ett gott ledarskap \u00e4ven p\u00e5 distans. Rollen inneb\u00e4r ett n\u00e4ra samarbete med verksamhetsomr\u00e5deschef och andra enhetschefer inom avdelningen, liksom med andra enheter och funktioner inom myndigheten. Du f\u00f6retr\u00e4der verksamheten och samverkar med andra myndigheter och andra intressenter.\n\u00a0\nLedarrollen\nDu ska vara en trygg ledare och arbetsgivarrepresentant, med god f\u00f6rst\u00e5else f\u00f6r arbetsgivarrollen s\u00e5v\u00e4l i relation till medarbetare som till \u00f6verordnad chef. Vidare ska du ha f\u00f6rm\u00e5ga att kommunicera och f\u00f6rankra beslut och budskap p\u00e5 ett s\u00e4tt som \u00e4r begripligt och \u00e4ndam\u00e5lsenligt. Du bygger relationer inom myndigheten och skapar f\u00f6ruts\u00e4ttningar f\u00f6r en gemensam strategisk riktning f\u00f6r enheten och f\u00f6r verksamhetsomr\u00e5det. Rollen kr\u00e4ver ett lyh\u00f6rt, engagerat och utvecklande ledarskap, d\u00e4r fokus ligger p\u00e5 att leda, coacha och utveckla medarbetare i linje med IVO:s uppdrag och m\u00e5l.\n\u00a0\nKvalifikationer\nVi s\u00f6ker dig som har:\nAkademisk examen inom ett omr\u00e5de som arbetsgivaren bed\u00f6mer relevant,\nfler\u00e5rig erfarenhet som arbetsledare med goda ledaregenskaper,\nfler\u00e5rig erfarenhet av att leda och driva agil utveckling,\nfler\u00e5rig praktisk erfarenhet av metodiken Scrum,\nrelevant erfarenhet av arbete inom staten eller annan offentlig verksamhet,\nkunskap om lagar och regler som styr offentlig verksamhet,\nerfarenhet av att arbeta utifr\u00e5n krav p\u00e5 r\u00e4ttss\u00e4kerhet och kvalitet,\ngoda kunskaper i svenska, s\u00e5v\u00e4l muntligt som skriftligt.\u00a0\n\n\u00a0\nVi ser det som meriterande om du \u00e4ven har erfarenhet av:\natt leda medarbetare i f\u00f6r\u00e4ndringsarbete,\natt f\u00f6retr\u00e4da arbetsgivaren i interna och externa sammanhang,\natt leda kvalificerade medarbetare.\n\n\u00a0\nOm du har goda kunskaper om IVO:s uppdrag och verksamhet \u00e4r det en f\u00f6rdel\n\u00a0\nPersonliga egenskaper\nF\u00f6r att trivas i rollen beh\u00f6ver du vara en n\u00e4rvarande och trygg ledare med verksamheten i fokus. Du har f\u00f6rm\u00e5ga att skapa delaktighet och engagemang, och du involverar medarbetare i utvecklingsarbeten. Ditt ledarskap ger f\u00f6ruts\u00e4ttningar f\u00f6r ett aktivt medarbetarskap, god dialog och en l\u00e4rande organisation. Du visar tillit till dina medarbetares och kollegors kompetens, och tar tag i utmaningar och agerar med mod n\u00e4r det beh\u00f6vs.\nVid rekryteringen kommer vi att l\u00e4gga stor vikt vid dina personliga egenskaper.\n\u00a0\nDetta kan IVO erbjuda dig\nVi erbjuder en utvecklande roll i en dynamisk kunskapsorganisation d\u00e4r du bidrar till att utveckla en modern och effektiv tillsyn. Vi f\u00f6rb\u00e4ttrar st\u00e4ndigt v\u00e5ra arbetss\u00e4tt och str\u00e4var efter en sammans\u00e4ttning av medarbetare som speglar samh\u00e4llets m\u00e5ngfald. L\u00e4s om v\u00e5ra avtalsvillkor och f\u00f6rm\u00e5ner h\u00e4r: https:\/\/www.ivo.se\/om-ivo\/arbeta-hos-oss\/\n\u00a0\nAnst\u00e4llningen \u00e4r ett vikariat fram till och med 30 mars 2027. Tj\u00e4nsten avser heltid med placering i Stockholm eller Ume\u00e5, men med m\u00f6jlighet att delvis arbeta hemifr\u00e5n.\n\u00a0\nAns\u00f6kan\nDu ans\u00f6ker genom att besvara v\u00e5ra urvalsfr\u00e5gor och bifoga ditt CV. Ans\u00f6kan ska skickas in p\u00e5 svenska. Svara tydligt och utf\u00f6rligt p\u00e5 fr\u00e5gorna, eftersom de ligger till grund f\u00f6r urvalet, h\u00e4nvisa inte till andra handlingar som CV.\nAtt besvara fr\u00e5gorna \u00e4r en f\u00f6ruts\u00e4ttning f\u00f6r att din ans\u00f6kan ska anses komplett.\u00a0Ans\u00f6k senast den 4 september 2026\n\u00a0\nL\u00e4s mer om v\u00e5r rekryteringsprocess h\u00e4r: https:\/\/www.ivo.se\/om-ivo\/arbeta-hos-oss\/\n\u00a0\n\u00d6vrigt\nBefattning:\u00a0Vikarierande enhetschef Digitaliseringsenheten\n\u00a0Anst\u00e4llningsform: Vikariat fr\u00e5n den 1 oktober 2026 t om 30 mars 2027\n\u00a0Placeringsort:\u00a0Stockholm eller Ume\u00e5\n\u00a0Arbetstid: F\u00f6rtroendearbetstid\/Flextid\n\u00a0Tilltr\u00e4de: 1 oktober 2026\n\u00a0\nIVO bidrar till en trygg och s\u00e4ker v\u00e5rd och omsorg\nIVO st\u00e5r f\u00f6r engagemang och bred kunskap om svensk v\u00e5rd och omsorg. Vi granskar, drar l\u00e4rdomar och arbetar f\u00f6r att v\u00e5rden och omsorgen ska bli b\u00e4ttre och s\u00e4krare \u2013 alltid med fokus p\u00e5 patienter och brukare.\nVi \u00e4r drygt 850 anst\u00e4llda. Arbetet med tillsyn bedrivs vid sex regionala kontor p\u00e5 orterna Ume\u00e5, Stockholm, \u00d6rebro, J\u00f6nk\u00f6ping, G\u00f6teborg och Malm\u00f6.\n\u00a0\nI Stockholm finns \u00e4ven myndighets\u00f6vergripande avdelningar f\u00f6r akt\u00f6rskontroll, verksamhetsst\u00f6d, r\u00e4ttsligt st\u00f6d, analys, planering och kommunikation samt generaldirekt\u00f6rens stab.","price":null,"currency":"SEK","status":"active","noindex":true,"location":{"address":"Solnav\u00e4gen 4","full_address":null,"city":"Stockholm","country":"SE","latitude":59.346747743531,"longitude":18.032637901383},"metadata":{"region":"Stockholms l\u00e4n","duration":"6 m\u00e5nader eller l\u00e4ngre","employer":"Inspektionen F\u00f6r V\u00e5rd och Omsorg","postcode":"11365","positions":1,"profession":"Chief Information Officer\/CIO\/IT-chef","salary_type":"Fast m\u00e5nads- vecko- eller timl\u00f6n","employer_url":"https:\/\/www.ivo.se\/om-ivo\/arbeta-hos-oss\/lediga-jobb\/?rmpage=job&rmjob=p1303","scope_of_work":"100\u2013100 %","working_hours":"Heltid","contact_person":"Anki Bystedt","employment_type":"full_time","occupation_field":"Chefer och verksamhetsledare","employer_workplace":"Inspektionen f\u00f6r v\u00e5rd och omsorg IVO","experience_required":true,"employment_type_label":"Vanlig anst\u00e4llning"},"user_id":null,"is_sponsored":false,"views_count":4,"ai_views_count":9,"ai_vendor_counts":{"meta":6,"other":2,"anthropic":1},"visibility":"public","submission_source":null,"submission_ai_name":null,"has_owner_email":true,"can_contact_owner":true,"phone":"+46107885000","owner_email":"Anki.Bystedt@ivo.se","images":[],"published_at":"2026-08-28T17:01:24+00:00","expires_at":"2026-09-04T23:59:59+00:00","created_at":"2026-08-29T03:54:28+00:00","updated_at":"2026-09-03T03:02:17+00:00"}}

Do you want to contribute to safer healthcare and social care? The Health and Social Care Inspectorate (IVO) is now seeking an interim unit head for the Digitalization Unit within the Business Area for Digitalization and IT.
 
IVO's mission and area of responsibility are expanding. We are sharpening both our working methods and our organization to take on a larger task. In the coming years, we will need to grow our workforce. The Digitalization Unit is responsible for developing and managing digital solutions, information coordination, data supply, and data-driven working methods.
 
About the Job
As head of the Digitalization Unit, you are responsible for leading and developing the unit's work. You translate plans, decisions, and guidelines into practical implementation. You create conditions for business development and improved working methods, and you ensure legally sound and efficient case handling within the unit. You practice close and trust-building leadership where ongoing dialogue and feedback are important components. You are responsible for ensuring that your employees have the competence and resources required to carry out their work in a good and safe working environment.
 
You report to the head of the business area and are part of their management group, where you actively contribute to coordination and strategic management of the business area. You have operational, budget, and personnel responsibility for your unit. You may have employees and fellow managers with positions at other locations, which requires that you can exercise good leadership at a distance. The role involves close collaboration with the business area head and other unit heads within the department, as well as with other units and functions within the agency. You represent the business and collaborate with other authorities and stakeholders.
 
The Leadership Role
You should be a reliable leader and employer representative with a good understanding of the employer role in relation to both employees and your direct manager. Furthermore, you should have the ability to communicate and anchor decisions and messages in a way that is understandable and appropriate. You build relationships within the agency and create conditions for a shared strategic direction for the unit and the business area. The role requires attentive, engaged, and developmental leadership, with a focus on leading, coaching, and developing employees in line with IVO's mission and goals.
 
Qualifications
We are looking for someone who has:
An academic degree in an area deemed relevant by the employer,
Multiple years of experience as a work leader with good leadership qualities,
Multiple years of experience leading and driving agile development,
Multiple years of practical experience with Scrum methodology,
Relevant experience working within the state or other public sector,
Knowledge of laws and regulations governing public sector operations,
Experience working in accordance with requirements for legal certainty and quality,
Strong skills in Swedish, both spoken and written.

 
We consider it advantageous if you also have experience with:
Leading employees in change management,
Representing the employer in internal and external settings,
Leading qualified employees.

 
If you have good knowledge of IVO's mission and operations, that is an advantage.
 
Personal Qualities
To thrive in the role, you need to be a present and reliable leader with operations in focus. You have the ability to create participation and engagement, and you involve employees in development work. Your leadership creates conditions for active employee participation, good dialogue, and a learning organization. You demonstrate trust in your employees' and colleagues' competence, and you take on challenges and act with courage when needed.
In the recruitment process, we will place great emphasis on your personal qualities.
 
What IVO Can Offer You
We offer a developmental role in a dynamic knowledge-driven organization where you contribute to developing modern and effective supervision. We are constantly improving our working methods and strive for a workforce composition that reflects society's diversity. Read about our terms of employment and benefits here: https://www.ivo.se/om-ivo/arbeta-hos-oss/
 
The employment is a temporary position until March 30, 2027. The position is full-time with placement in Stockholm or Umeå, but with the option to work partly from home.
 
Application
You apply by answering our selection questions and submitting your CV. The application must be submitted in Swedish. Answer the questions clearly and thoroughly, as they form the basis for the selection process; do not refer to other documents such as your CV.
Answering the questions is a prerequisite for your application to be considered complete. Apply no later than September 4, 2026.
 
Read more about our recruitment process here: https://www.ivo.se/om-ivo/arbeta-hos-oss/
 
Other Information
Position: Interim Unit Head, Digitalization Unit
 Employment Type: Temporary position from October 1, 2026 to March 30, 2027
 Location: Stockholm or Umeå
 Working Hours: Flexible working hours/Flex time
 Start Date: October 1, 2026
 
IVO Contributes to Safe and Secure Healthcare and Social Care
IVO stands for commitment and broad knowledge of Swedish healthcare and social care. We inspect, draw lessons, and work to make healthcare and social care better and safer – always with a focus on patients and service users.
We have over 850 employees. Supervisory work is conducted at six regional offices in Umeå, Stockholm, Örebro, Jönköping, Gothenburg, and Malmö.
 
In Stockholm, there are also cross-agency departments for stakeholder control, business support, legal support, analysis, planning and communication, as well as the Director General's office.

Vill du bidra till en tryggare vård och omsorg? Inspektionen för vård och omsorg (IVO) söker nu en vikarierande enhetschef till Digitaliseringsenheten inom Verksamhetsområde digitalisering och IT.
 
IVO:s uppdrag och ansvarsområde växer. Vi vässar både vårt arbetssätt och vår organisation för att kunna axla en större uppgift. Under de kommande åren kommer vi behöva bli fler medarbetare.Digitaliseringsenheten ansvarar för utveckling och förvaltning av digitala lösningar, informationssamordning, dataförsörjning och datadrivna arbetssätt.
 
Om jobbet
Som chef för enheten digitalisering har du ansvar för att leda och utveckla enhetens arbete. Du omsätter planer, beslut och riktlinjer i praktiskt genomförande. Du skapar förutsättningar för verksamhetsutveckling och förbättrade arbetssätt, och säkerställer en rättssäker och effektiv handläggning inom enheten. Du utövar ett nära och förtroendeskapande ledarskap där löpande dialog och återkoppling är viktiga beståndsdelar. Du ansvarar för att dina medarbetare har den kompetens och de förutsättningar som krävs för att genomföra sitt arbete i en god och säker arbetsmiljö.
 
Du rapporterar till chefen för verksamhetsområdet och ingår i dennes ledningsgrupp där du aktivt bidrar till samordning och strategisk styrning av verksamhetsområdet. Du har verksamhets-, budget- och personalansvar för din enhet. Du kan komma att ha medarbetare och chefskollegor med tjänsteställe på annan ort, vilket förutsätter att du kan utöva ett gott ledarskap även på distans. Rollen innebär ett nära samarbete med verksamhetsområdeschef och andra enhetschefer inom avdelningen, liksom med andra enheter och funktioner inom myndigheten. Du företräder verksamheten och samverkar med andra myndigheter och andra intressenter.
 
Ledarrollen
Du ska vara en trygg ledare och arbetsgivarrepresentant, med god förståelse för arbetsgivarrollen såväl i relation till medarbetare som till överordnad chef. Vidare ska du ha förmåga att kommunicera och förankra beslut och budskap på ett sätt som är begripligt och ändamålsenligt. Du bygger relationer inom myndigheten och skapar förutsättningar för en gemensam strategisk riktning för enheten och för verksamhetsområdet. Rollen kräver ett lyhört, engagerat och utvecklande ledarskap, där fokus ligger på att leda, coacha och utveckla medarbetare i linje med IVO:s uppdrag och mål.
 
Kvalifikationer
Vi söker dig som har:
Akademisk examen inom ett område som arbetsgivaren bedömer relevant,
flerårig erfarenhet som arbetsledare med goda ledaregenskaper,
flerårig erfarenhet av att leda och driva agil utveckling,
flerårig praktisk erfarenhet av metodiken Scrum,
relevant erfarenhet av arbete inom staten eller annan offentlig verksamhet,
kunskap om lagar och regler som styr offentlig verksamhet,
erfarenhet av att arbeta utifrån krav på rättssäkerhet och kvalitet,
goda kunskaper i svenska, såväl muntligt som skriftligt. 

 
Vi ser det som meriterande om du även har erfarenhet av:
att leda medarbetare i förändringsarbete,
att företräda arbetsgivaren i interna och externa sammanhang,
att leda kvalificerade medarbetare.

 
Om du har goda kunskaper om IVO:s uppdrag och verksamhet är det en fördel
 
Personliga egenskaper
För att trivas i rollen behöver du vara en närvarande och trygg ledare med verksamheten i fokus. Du har förmåga att skapa delaktighet och engagemang, och du involverar medarbetare i utvecklingsarbeten. Ditt ledarskap ger förutsättningar för ett aktivt medarbetarskap, god dialog och en lärande organisation. Du visar tillit till dina medarbetares och kollegors kompetens, och tar tag i utmaningar och agerar med mod när det behövs.
Vid rekryteringen kommer vi att lägga stor vikt vid dina personliga egenskaper.
 
Detta kan IVO erbjuda dig
Vi erbjuder en utvecklande roll i en dynamisk kunskapsorganisation där du bidrar till att utveckla en modern och effektiv tillsyn. Vi förbättrar ständigt våra arbetssätt och strävar efter en sammansättning av medarbetare som speglar samhällets mångfald. Läs om våra avtalsvillkor och förmåner här: https://www.ivo.se/om-ivo/arbeta-hos-oss/
 
Anställningen är ett vikariat fram till och med 30 mars 2027. Tjänsten avser heltid med placering i Stockholm eller Umeå, men med möjlighet att delvis arbeta hemifrån.
 
Ansökan
Du ansöker genom att besvara våra urvalsfrågor och bifoga ditt CV. Ansökan ska skickas in på svenska. Svara tydligt och utförligt på frågorna, eftersom de ligger till grund för urvalet, hänvisa inte till andra handlingar som CV.
Att besvara frågorna är en förutsättning för att din ansökan ska anses komplett. Ansök senast den 4 september 2026
 
Läs mer om vår rekryteringsprocess här: https://www.ivo.se/om-ivo/arbeta-hos-oss/
 
Övrigt
Befattning: Vikarierande enhetschef Digitaliseringsenheten
 Anställningsform: Vikariat från den 1 oktober 2026 t om 30 mars 2027
 Placeringsort: Stockholm eller Umeå
 Arbetstid: Förtroendearbetstid/Flextid
 Tillträde: 1 oktober 2026
 
IVO bidrar till en trygg och säker vård och omsorg
IVO står för engagemang och bred kunskap om svensk vård och omsorg. Vi granskar, drar lärdomar och arbetar för att vården och omsorgen ska bli bättre och säkrare – alltid med fokus på patienter och brukare.
Vi är drygt 850 anställda. Arbetet med tillsyn bedrivs vid sex regionala kontor på orterna Umeå, Stockholm, Örebro, Jönköping, Göteborg och Malmö.
 
I Stockholm finns även myndighetsövergripande avdelningar för aktörskontroll, verksamhetsstöd, rättsligt stöd, analys, planering och kommunikation samt generaldirektörens stab.

Solnavägen 4

Stockholms län

6 månader eller längre

Inspektionen För Vård och Omsorg

Fast månads- vecko- eller timlön

Inspektionen för vård och omsorg IVO

Vanlig anställning
