{"data":{"id":174247,"slug":"vittra-ostertalje-soker-en-legitimerad-larare-i-tyska-2","type":"job","title":"Vittra \u00d6stert\u00e4lje Seeking Licensed German Teacher","description":"Vittra Schools, one of Sweden's leading independent school companies with 24 preschools and primary schools throughout the country. Together we are responsible for approximately 8,000 children and students and have approximately 1,000 employees. We started our first school in 1993 and have been part of AcadeMedia since 2008, the Nordic region's largest education company. Vittra is a socially engaged preschool and primary school where children and students learn about themselves and the world. With us, conscious children and students are shaped who receive the right tools and knowledge to create a better and more sustainable society. We do this with our unique pedagogical approach based on three components: conscious learning, courageous culture, and clear structure.\nVittra \u00d6stert\u00e4lje is seeking an engaged, qualified, and licensed German teacher\nVittra \u00d6stert\u00e4lje is located on the outskirts of \u00d6stert\u00e4lje, in S\u00f6dert\u00e4lje municipality. The school is situated adjacent to forests and natural areas and we have access to outdoor fitness facilities, artificial grass fields, lit trails, a sports hall, and S\u00f6rmlandsleden directly adjacent to the school.\nVittra \u00d6stert\u00e4lje has had strong academic results for several years and students who are now attending upper secondary school have returned to tell us that they were well prepared for continued studies\u2014we are proud of that!\nWhat we're looking for\nWe are seeking you who are a licensed and qualified educator with extensive experience teaching German. We would appreciate it if you feel confident in your leadership role, have experience with and value differentiated instruction and focusing on students' conditions and possibilities.\nWe want you to be a pedagogue who builds your teaching on close pedagogical relationships with students and who is passionate about meeting students in their individual development based on their experiences, prior knowledge, and abilities.\nAt Vittra, we strive for an interdisciplinary approach that gives students a holistic perspective and understanding of how different subjects connect.\nThe position includes teaching German in grades 6-9. Students are divided into language groups and instruction is scheduled for two days per week, corresponding to approximately 40%.\nAt Vittra, you are part of a work team and therefore it is important that you are interested in participating in and contributing to collegial learning. We value that you want to work in a team and through the exchange of experiences and expertise contribute to the collegial development of the work team and the entire organization.\nWe are looking for a pedagogue who shares our pedagogical approach based on conscious learning, courageous culture, and clear structure (see vittra.se\/om) and who is passionate about \"working together\".\nThe position is approximately 40% with immediate start. Instruction is scheduled on Wednesdays and Fridays.\nVittra \u00d6stert\u00e4lje\nAt Vittra \u00d6stert\u00e4lje, we have a competent and engaged student support team with all functions: special education teachers, special education coordinators, school nurses, school physicians, counselors, career advisors, and school psychologists. Close collaboration between work teams and the student support team, with the student at the center, is a matter of course for us.\nWe have high expectations of ourselves and our shared work, which is based on collegial learning and students' individual needs. Together we build a safe and challenging environment where everyone\u2014students and adults alike\u2014can develop.\nThe proportion of qualified and licensed educators is very high at Vittra \u00d6stert\u00e4lje. Work teams are composed based on educators' expertise and qualifications and are led by work team leaders.\nWithin Vittra and AcadeMedia, we offer a developmental work environment with many career paths. Vittra has an education program consisting of various external and internal training opportunities, including a leadership development program for work team leaders, a talent program for prospective school leaders, and networking meetings for teachers in various subject groups.\nYou can learn more about us at www.vittra.se\/ostertalje\nWant to know more about us?\nIf you want to know more about Vittra \u00d6stert\u00e4lje, you can visit our website, www.vittra.se\/ostertalje. We also have a recruitment film \"Working for Vittra Schools\" which you can find at www.youtube.com\/vittrakanalen.\nDoes this sound interesting?\nYou apply for the position by clicking the link below. We do not accept applications by post or email. The application deadline is 2026-09-25. Please apply as soon as possible as selection is ongoing. Vittra has collective agreements with Sweden's Teachers, Vision, and Kommunal, which include, among other things, occupational pensions according to the ITP plan and insurance.\nIf you have questions about the position, you are welcome to contact Principal Katarina Montenius at phone 070-536 15 06 or email; katarina.montenius@vittra.se\nWarm welcome with your application!","language":"sv","is_translated":true,"title_original":"Vittra \u00d6stert\u00e4lje s\u00f6ker en legitimerad l\u00e4rare i tyska","description_original":"Vittraskolorna, ett av Sveriges ledande friskolef\u00f6retag med 24 f\u00f6r- och grundskolor runt om i landet. Tillsammans ansvarar vi f\u00f6r cirka 8000 barn och elever och har cirka 1000 medarbetare. Vi startade v\u00e5r f\u00f6rsta skola 1993 och ing\u00e5r sedan 2008 i AcadeMedia, Nordens st\u00f6rsta utbildningsf\u00f6retag. Vittra \u00e4r en samh\u00e4llsengagerad f\u00f6r- och grundskola d\u00e4r barn och elever l\u00e4r sig om sig sj\u00e4lva och v\u00e4rlden. Hos oss formas medvetna barn och elever som f\u00e5r r\u00e4tt verktyg och kunskap f\u00f6r att skapa ett b\u00e4ttre och mer h\u00e5llbart samh\u00e4lle. Det g\u00f6r vi med v\u00e5r unika pedagogiska riktning som baseras p\u00e5 tre delar: medvetet l\u00e4rande, modig kultur och tydlig struktur.\nVittra \u00d6stert\u00e4lje s\u00f6ker en engagerad, beh\u00f6rig och legitimerad l\u00e4rare i tyska\nVittra \u00d6stert\u00e4lje ligger i utkanten av \u00d6stert\u00e4lje, i S\u00f6dert\u00e4lje kommun. Skolan \u00e4r bel\u00e4gen intill skog och naturomr\u00e5den och vi har tillg\u00e5ng till utomhusgym, konstgr\u00e4splaner, elljussp\u00e5r, idrottshall och S\u00f6rmlandsleden i direkt anslutning till skolan.\u00a0\nVittra \u00d6stert\u00e4lje har under flera \u00e5r haft h\u00f6ga fina kunskapsresultat och elever som nu g\u00e5r p\u00e5 gymnasiet har \u00e5terkommit till oss och ber\u00e4ttar att de \u00e4r v\u00e4l f\u00f6rberedda f\u00f6r fortsatta studier -det \u00e4r vi stolta \u00f6ver!\u00a0\nVi s\u00f6ker\nVi s\u00f6ker dig som \u00e4r legitimerad och beh\u00f6rig pedagog med l\u00e5ng erfarenhet att undervisa i tyska. Vi ser g\u00e4rna att du \u00e4r trygg i din ledarroll, har erfarenhet av och v\u00e4rdes\u00e4tter att arbeta differentierat och med elevens f\u00f6ruts\u00e4ttningar och m\u00f6jligheter i fokus.\u00a0\nVi vill att du \u00e4r en pedagog som bygger din undervisning p\u00e5 n\u00e4ra pedagogiska relationer med eleverna och att du brinner f\u00f6r att m\u00f6ta eleverna i deras individuella utveckling utifr\u00e5n deras erfarenheter, f\u00f6rkunskaper och f\u00f6rm\u00e5gor.\nI Vittra efterstr\u00e4var vi ett \u00e4mnes\u00f6vergripande arbetss\u00e4tt som ger eleverna en helhetssyn och f\u00f6rst\u00e5else f\u00f6r hur olika \u00e4mnen h\u00f6r ihop.\nI tj\u00e4nsten ing\u00e5r undervisning i tyska i \u00e5r 6-9.. Eleverna \u00e4r uppdelade i spr\u00e5kgrupper och undervisningen \u00e4r f\u00f6rlagd till tv\u00e5 dagar per vecka motsvarande ca 40%.\u00a0\nI Vittra tillh\u00f6r du ett arbetslag och d\u00e4rf\u00f6r \u00e4r det viktigt att du \u00e4r intresserad av delta i och bidra till ett kollegialt l\u00e4rande. Vi v\u00e4rdes\u00e4tter att du vill arbeta i team och genom utbyte av erfarenheter och kompetens bidra till den kollegiala utvecklingen i arbetslaget och i hela verksamheten.\nVi s\u00f6ker efter en pedagog som delar v\u00e5r pedagogiska riktning som bygger p\u00e5 medvetet l\u00e4rande, modig kultur och tydlig struktur (se vittra.se\/om) \u00a0och som brinner f\u00f6r ett\u00a0\"tillsammansarbete\".\u00a0\nTj\u00e4nsten \u00e4r p\u00e5 ca 40% med start omg\u00e5ende. Undervisningen \u00e4r schemalagd p\u00e5 onsdagar och fredagar.\u00a0\nVittra \u00d6stert\u00e4lje\u00a0\nP\u00e5 Vittra \u00d6stert\u00e4lje har vi ett kompetent och engagerat elevh\u00e4lsoteam med samtliga funktioner; speciall\u00e4rare, specialpedagog, skolsk\u00f6terska, skoll\u00e4kare, kurator, SYV och skolpsykolog. En n\u00e4ra samverkan mellan arbetslag och elevh\u00e4lsoteamet, med eleven i centrum, \u00e4r f\u00f6r oss en sj\u00e4lvklarhet.\u00a0\nVi har h\u00f6ga f\u00f6rv\u00e4ntningar p\u00e5 oss sj\u00e4lva och v\u00e5rt gemensamma arbete som grundar sig p\u00e5 kollegialt l\u00e4rande och elevernas individuella behov. Tillsammans bygger vi en trygg och utmanande milj\u00f6 d\u00e4r alla ska f\u00e5 utvecklas, elever som vuxna.\nAndelen beh\u00f6riga och legitimerade pedagoger \u00e4r mycket h\u00f6g p\u00e5 Vittra \u00d6stert\u00e4lje. Arbetslagen \u00e4r sammansatta utifr\u00e5n pedagogernas kompetens och beh\u00f6righeter och leds av arbetslagsledare.\u00a0\nInom Vittra och Academedia erbjuds en utvecklande arbetsmilj\u00f6 med m\u00e5nga karri\u00e4rv\u00e4gar. Vittra har ett utbildningsprogram som best\u00e5r av olika externa samt interna utbildningar, bland annat ett ledarutvecklingsprogram f\u00f6r arbetslagsledare, talangprogram f\u00f6r blivande skolledare och n\u00e4tverkstr\u00e4ffar f\u00f6r f\u00f6r l\u00e4rare i olika \u00e4mnesgrupper.\u00a0\nDu kan l\u00e4sa mer om oss p\u00e5 www.Vittra.se\/ostertalje\nVill du veta mer om oss?\nOm du vill veta mer om Vittra \u00d6stert\u00e4lje kan du g\u00e5 in p\u00e5 v\u00e5r hemsida, www.vittra.se\/ostertalje Vi har ocks\u00e5 en rekryteringsfilm \"Att jobba f\u00f6r Vittraskolorna\" som du hittar p\u00e5 www.youtube.com\/vittrakanalen.\nL\u00e5ter detta intressant?\nDu s\u00f6ker tj\u00e4nsten genom att klicka p\u00e5 nedanst\u00e5ende l\u00e4nk. Vi tar ej emot ans\u00f6kningar via post eller mail. Sista ans\u00f6kningsdag \u00e4r 2026-09-25.\u00a0Ans\u00f6k g\u00e4rna snarast d\u00e5 urval sker l\u00f6pande.Vittra har Kollektivavtal med Sveriges L\u00e4rare, Vision samt Kommunal vilket bland annat inneb\u00e4r tj\u00e4nstepension enligt ITP-planen samt f\u00f6rs\u00e4kringar.\nOm du har fr\u00e5gor ang\u00e5ende tj\u00e4nsten \u00e4r du v\u00e4lkommen att kontakta rektor Katarina Montenius p\u00e5 telefon 070-536 15 06 eller mail; katarina.montenius@vittra.se\nVarmt v\u00e4lkommen med din ans\u00f6kan!","price":null,"currency":"SEK","status":"active","noindex":true,"location":{"address":null,"full_address":null,"city":"S\u00f6dert\u00e4lje","country":"SE","latitude":59.180089711767,"longitude":17.674110565865},"metadata":{"region":"Stockholms l\u00e4n","duration":"Tills vidare","employer":"AcadeMedia Support AB","postcode":"15257","positions":1,"profession":"L\u00e4rare i grundskolan, \u00e5rskurs 7-9","salary_type":"Fast m\u00e5nads- vecko- eller timl\u00f6n","scope_of_work":"0\u2013100 %","working_hours":"Deltid","employment_type":"full_time","occupation_field":"Pedagogik","employer_workplace":"Vittra","experience_required":true,"employment_type_label":"Vanlig anst\u00e4llning"},"user_id":null,"is_sponsored":false,"views_count":5,"ai_views_count":3,"ai_vendor_counts":{"openai":2,"anthropic":1},"visibility":"public","submission_source":null,"submission_ai_name":null,"has_owner_email":true,"can_contact_owner":true,"phone":"070-536 15 06","owner_email":"katarina.montenius@vittra.se","images":[],"published_at":"2026-08-26T09:18:30+00:00","expires_at":"2026-09-26T23:59:59+00:00","created_at":"2026-08-27T03:25:13+00:00","updated_at":"2026-09-02T03:08:21+00:00"}}

Vittra Östertälje Seeking Licensed German Teacher

Vittra Schools, one of Sweden's leading independent school companies with 24 preschools and primary schools throughout the country. Together we are responsible for approximately 8,000 children and students and have approximately 1,000 employees. We started our first school in 1993 and have been part of AcadeMedia since 2008, the Nordic region's largest education company. Vittra is a socially engaged preschool and primary school where children and students learn about themselves and the world. With us, conscious children and students are shaped who receive the right tools and knowledge to create a better and more sustainable society. We do this with our unique pedagogical approach based on three components: conscious learning, courageous culture, and clear structure.
Vittra Östertälje is seeking an engaged, qualified, and licensed German teacher
Vittra Östertälje is located on the outskirts of Östertälje, in Södertälje municipality. The school is situated adjacent to forests and natural areas and we have access to outdoor fitness facilities, artificial grass fields, lit trails, a sports hall, and Sörmlandsleden directly adjacent to the school.
Vittra Östertälje has had strong academic results for several years and students who are now attending upper secondary school have returned to tell us that they were well prepared for continued studies—we are proud of that!
What we're looking for
We are seeking you who are a licensed and qualified educator with extensive experience teaching German. We would appreciate it if you feel confident in your leadership role, have experience with and value differentiated instruction and focusing on students' conditions and possibilities.
We want you to be a pedagogue who builds your teaching on close pedagogical relationships with students and who is passionate about meeting students in their individual development based on their experiences, prior knowledge, and abilities.
At Vittra, we strive for an interdisciplinary approach that gives students a holistic perspective and understanding of how different subjects connect.
The position includes teaching German in grades 6-9. Students are divided into language groups and instruction is scheduled for two days per week, corresponding to approximately 40%.
At Vittra, you are part of a work team and therefore it is important that you are interested in participating in and contributing to collegial learning. We value that you want to work in a team and through the exchange of experiences and expertise contribute to the collegial development of the work team and the entire organization.
We are looking for a pedagogue who shares our pedagogical approach based on conscious learning, courageous culture, and clear structure (see vittra.se/om) and who is passionate about "working together".
The position is approximately 40% with immediate start. Instruction is scheduled on Wednesdays and Fridays.
Vittra Östertälje
At Vittra Östertälje, we have a competent and engaged student support team with all functions: special education teachers, special education coordinators, school nurses, school physicians, counselors, career advisors, and school psychologists. Close collaboration between work teams and the student support team, with the student at the center, is a matter of course for us.
We have high expectations of ourselves and our shared work, which is based on collegial learning and students' individual needs. Together we build a safe and challenging environment where everyone—students and adults alike—can develop.
The proportion of qualified and licensed educators is very high at Vittra Östertälje. Work teams are composed based on educators' expertise and qualifications and are led by work team leaders.
Within Vittra and AcadeMedia, we offer a developmental work environment with many career paths. Vittra has an education program consisting of various external and internal training opportunities, including a leadership development program for work team leaders, a talent program for prospective school leaders, and networking meetings for teachers in various subject groups.
You can learn more about us at www.vittra.se/ostertalje
Want to know more about us?
If you want to know more about Vittra Östertälje, you can visit our website, www.vittra.se/ostertalje. We also have a recruitment film "Working for Vittra Schools" which you can find at www.youtube.com/vittrakanalen.
Does this sound interesting?
You apply for the position by clicking the link below. We do not accept applications by post or email. The application deadline is 2026-09-25. Please apply as soon as possible as selection is ongoing. Vittra has collective agreements with Sweden's Teachers, Vision, and Kommunal, which include, among other things, occupational pensions according to the ITP plan and insurance.
If you have questions about the position, you are welcome to contact Principal Katarina Montenius at phone 070-536 15 06 or email; katarina.montenius@vittra.se
Warm welcome with your application!

Vittra Östertälje söker en legitimerad lärare i tyska

Vittraskolorna, ett av Sveriges ledande friskoleföretag med 24 för- och grundskolor runt om i landet. Tillsammans ansvarar vi för cirka 8000 barn och elever och har cirka 1000 medarbetare. Vi startade vår första skola 1993 och ingår sedan 2008 i AcadeMedia, Nordens största utbildningsföretag. Vittra är en samhällsengagerad för- och grundskola där barn och elever lär sig om sig själva och världen. Hos oss formas medvetna barn och elever som får rätt verktyg och kunskap för att skapa ett bättre och mer hållbart samhälle. Det gör vi med vår unika pedagogiska riktning som baseras på tre delar: medvetet lärande, modig kultur och tydlig struktur.
Vittra Östertälje söker en engagerad, behörig och legitimerad lärare i tyska
Vittra Östertälje ligger i utkanten av Östertälje, i Södertälje kommun. Skolan är belägen intill skog och naturområden och vi har tillgång till utomhusgym, konstgräsplaner, elljusspår, idrottshall och Sörmlandsleden i direkt anslutning till skolan. 
Vittra Östertälje har under flera år haft höga fina kunskapsresultat och elever som nu går på gymnasiet har återkommit till oss och berättar att de är väl förberedda för fortsatta studier -det är vi stolta över! 
Vi söker
Vi söker dig som är legitimerad och behörig pedagog med lång erfarenhet att undervisa i tyska. Vi ser gärna att du är trygg i din ledarroll, har erfarenhet av och värdesätter att arbeta differentierat och med elevens förutsättningar och möjligheter i fokus. 
Vi vill att du är en pedagog som bygger din undervisning på nära pedagogiska relationer med eleverna och att du brinner för att möta eleverna i deras individuella utveckling utifrån deras erfarenheter, förkunskaper och förmågor.
I Vittra eftersträvar vi ett ämnesövergripande arbetssätt som ger eleverna en helhetssyn och förståelse för hur olika ämnen hör ihop.
I tjänsten ingår undervisning i tyska i år 6-9.. Eleverna är uppdelade i språkgrupper och undervisningen är förlagd till två dagar per vecka motsvarande ca 40%. 
I Vittra tillhör du ett arbetslag och därför är det viktigt att du är intresserad av delta i och bidra till ett kollegialt lärande. Vi värdesätter att du vill arbeta i team och genom utbyte av erfarenheter och kompetens bidra till den kollegiala utvecklingen i arbetslaget och i hela verksamheten.
Vi söker efter en pedagog som delar vår pedagogiska riktning som bygger på medvetet lärande, modig kultur och tydlig struktur (se vittra.se/om)  och som brinner för ett "tillsammansarbete". 
Tjänsten är på ca 40% med start omgående. Undervisningen är schemalagd på onsdagar och fredagar. 
Vittra Östertälje 
På Vittra Östertälje har vi ett kompetent och engagerat elevhälsoteam med samtliga funktioner; speciallärare, specialpedagog, skolsköterska, skolläkare, kurator, SYV och skolpsykolog. En nära samverkan mellan arbetslag och elevhälsoteamet, med eleven i centrum, är för oss en självklarhet. 
Vi har höga förväntningar på oss själva och vårt gemensamma arbete som grundar sig på kollegialt lärande och elevernas individuella behov. Tillsammans bygger vi en trygg och utmanande miljö där alla ska få utvecklas, elever som vuxna.
Andelen behöriga och legitimerade pedagoger är mycket hög på Vittra Östertälje. Arbetslagen är sammansatta utifrån pedagogernas kompetens och behörigheter och leds av arbetslagsledare. 
Inom Vittra och Academedia erbjuds en utvecklande arbetsmiljö med många karriärvägar. Vittra har ett utbildningsprogram som består av olika externa samt interna utbildningar, bland annat ett ledarutvecklingsprogram för arbetslagsledare, talangprogram för blivande skolledare och nätverksträffar för för lärare i olika ämnesgrupper. 
Du kan läsa mer om oss på www.Vittra.se/ostertalje
Vill du veta mer om oss?
Om du vill veta mer om Vittra Östertälje kan du gå in på vår hemsida, www.vittra.se/ostertalje Vi har också en rekryteringsfilm "Att jobba för Vittraskolorna" som du hittar på www.youtube.com/vittrakanalen.
Låter detta intressant?
Du söker tjänsten genom att klicka på nedanstående länk. Vi tar ej emot ansökningar via post eller mail. Sista ansökningsdag är 2026-09-25. Ansök gärna snarast då urval sker löpande.Vittra har Kollektivavtal med Sveriges Lärare, Vision samt Kommunal vilket bland annat innebär tjänstepension enligt ITP-planen samt försäkringar.
Om du har frågor angående tjänsten är du välkommen att kontakta rektor Katarina Montenius på telefon 070-536 15 06 eller mail; katarina.montenius@vittra.se
Varmt välkommen med din ansökan!

Södertälje

Stockholms län

Lärare i grundskolan, årskurs 7-9

Fast månads- vecko- eller timlön

Vanlig anställning
